{"id":403,"date":"2017-01-16T14:16:16","date_gmt":"2017-01-16T14:16:16","guid":{"rendered":"http:\/\/ww2.elsnordic.com\/fazerogon\/?page_id=403"},"modified":"2017-10-17T12:38:31","modified_gmt":"2017-10-17T12:38:31","slug":"gor-sa-har","status":"publish","type":"page","link":"http:\/\/ww2.elsnordic.com\/fazerogon\/gor-sa-har\/","title":{"rendered":"G\u00f6r s\u00e5 h\u00e4r"},"content":{"rendered":"<p>[vc_row row_type=&#8221;row&#8221; use_row_as_full_screen_section=&#8221;no&#8221; type=&#8221;grid&#8221; anchor=&#8221;gor&#8221; text_align=&#8221;center&#8221; background_color=&#8221;#ffffff&#8221; padding_top=&#8221;0&#8243; padding_bottom=&#8221;100&#8243; css_animation=&#8221;&#8221; el_class=&#8221;mobile_row_hide &#8221; css=&#8221;.vc_custom_1507728991531{background-color: #f8e2be !important;}&#8221;][vc_column css=&#8221;.vc_custom_1502810463407{padding-right: 10% !important;padding-left: 10% !important;}&#8221;][vc_empty_space height=&#8221;100&#8243;][vc_row_inner row_type=&#8221;row&#8221; type=&#8221;full_width&#8221; use_row_as_full_screen_section_slide=&#8221;no&#8221; text_align=&#8221;left&#8221; css_animation=&#8221;&#8221;][vc_column_inner width=&#8221;1\/12&#8243;][\/vc_column_inner][vc_column_inner width=&#8221;1\/12&#8243;][vc_column_text]<\/p>\n<h3><span style=\"color: #502825;\">1.<\/span><\/h3>\n<p>[\/vc_column_text][\/vc_column_inner][vc_column_inner width=&#8221;9\/12&#8243;][vc_empty_space height=&#8221;21&#8243;][vc_column_text]<\/p>\n<h5>K\u00f6p 5 stycken Fazer \u00d6gon-produkter*.<\/h5>\n<p>[\/vc_column_text][vc_empty_space height=&#8221;30px&#8221;][\/vc_column_inner][vc_column_inner width=&#8221;1\/12&#8243;][\/vc_column_inner][\/vc_row_inner][vc_row_inner row_type=&#8221;row&#8221; type=&#8221;full_width&#8221; use_row_as_full_screen_section_slide=&#8221;no&#8221; text_align=&#8221;left&#8221; css_animation=&#8221;&#8221;][vc_column_inner width=&#8221;1\/12&#8243;][\/vc_column_inner][vc_column_inner width=&#8221;1\/12&#8243;][vc_column_text]<\/p>\n<h3><span style=\"color: #502825;\">2.<\/span><\/h3>\n<p>[\/vc_column_text][\/vc_column_inner][vc_column_inner width=&#8221;9\/12&#8243;][vc_empty_space height=&#8221;21&#8243;][vc_column_text css=&#8221;.vc_custom_1507733314520{padding-bottom: 0px !important;}&#8221;]<\/p>\n<h5><span style=\"color: #502825; font-weight: bold;\"><a style=\"color: #502825;\" href=\"http:\/\/ww2.elsnordic.com\/fazerogon\/registrera-dig\/\">Klicka h\u00e4r<\/a><\/span> och registrera dina uppgifter senast 28 december 2017. V\u00e4lj sedan alternativ 2a eller 2b.<\/h5>\n<p>[\/vc_column_text][vc_empty_space height=&#8221;30px&#8221;][\/vc_column_inner][vc_column_inner width=&#8221;1\/12&#8243;][\/vc_column_inner][\/vc_row_inner][vc_row_inner row_type=&#8221;row&#8221; type=&#8221;full_width&#8221; use_row_as_full_screen_section_slide=&#8221;no&#8221; text_align=&#8221;left&#8221; css_animation=&#8221;&#8221;][vc_column_inner width=&#8221;1\/12&#8243;][\/vc_column_inner][vc_column_inner width=&#8221;1\/12&#8243;][vc_column_text]<\/p>\n<h3><span style=\"color: #502825;\">2a.<\/span><\/h3>\n<p>[\/vc_column_text][\/vc_column_inner][vc_column_inner width=&#8221;9\/12&#8243;][vc_empty_space height=&#8221;21&#8243;][vc_column_text css=&#8221;.vc_custom_1507731564617{padding-bottom: 0px !important;}&#8221;]<\/p>\n<h5>Registrera dig genom att ladda upp ett foto p\u00e5 kvittot samt att ange streckkoderna p\u00e5 de k\u00f6pta produkterna.<\/h5>\n<p>[\/vc_column_text][vc_empty_space height=&#8221;30px&#8221;][\/vc_column_inner][vc_column_inner width=&#8221;1\/12&#8243;][\/vc_column_inner][\/vc_row_inner][vc_row_inner row_type=&#8221;row&#8221; type=&#8221;full_width&#8221; use_row_as_full_screen_section_slide=&#8221;no&#8221; text_align=&#8221;left&#8221; css_animation=&#8221;&#8221;][vc_column_inner width=&#8221;1\/12&#8243;][\/vc_column_inner][vc_column_inner width=&#8221;1\/12&#8243;][vc_column_text]<\/p>\n<h3><span style=\"color: #502825;\">2b.<\/span><\/h3>\n<p>[\/vc_column_text][\/vc_column_inner][vc_column_inner width=&#8221;9\/12&#8243;][vc_empty_space height=&#8221;21&#8243;][vc_column_text css=&#8221;.vc_custom_1507731602758{padding-bottom: 0px !important;}&#8221;]<\/p>\n<h5>Registrera dig genom att erh\u00e5lla ett Registreringsmail som skrivs ut och s\u00e4nds in tillsammans med de utklippta streckkoderna som ska vara ELS tillhanda senast 11 januari 2018.<\/h5>\n<p>[\/vc_column_text][vc_empty_space height=&#8221;30px&#8221;][\/vc_column_inner][vc_column_inner width=&#8221;1\/12&#8243;][\/vc_column_inner][\/vc_row_inner][vc_row_inner row_type=&#8221;row&#8221; type=&#8221;full_width&#8221; use_row_as_full_screen_section_slide=&#8221;no&#8221; text_align=&#8221;left&#8221; css_animation=&#8221;&#8221;][vc_column_inner width=&#8221;1\/12&#8243;][\/vc_column_inner][vc_column_inner width=&#8221;1\/12&#8243;][vc_column_text]<\/p>\n<h3><span style=\"color: #502825;\">3.<\/span><\/h3>\n<p>[\/vc_column_text][\/vc_column_inner][vc_column_inner width=&#8221;9\/12&#8243;][vc_empty_space height=&#8221;21&#8243;][vc_column_text css=&#8221;.vc_custom_1507732305174{padding-bottom: 0px !important;}&#8221;]<\/p>\n<h5><strong>Endast vid val av alternativ 2b.<\/strong> Skicka in streckkoderna. Klipp ut dina streckkoder och l\u00e4gg dem tillsammans med det utskrivna Registrerings\u00admailet som erh\u00f6lls efter registreringen i ett kuvert och skicka till:<\/h5>\n<p>[\/vc_column_text][vc_empty_space height=&#8221;15&#8243;][vc_column_text css=&#8221;.vc_custom_1507732405912{padding-bottom: 0px !important;}&#8221;]<span style=\"font-size: 18px;\"><strong>FAZER \u00d6GON C\/O ELS SVERIGE AB, M\u00d6LNDALSV\u00c4GEN 91, 412 63 G\u00d6TEBORG<\/strong><\/span>[\/vc_column_text][vc_empty_space height=&#8221;30px&#8221;][\/vc_column_inner][vc_column_inner width=&#8221;1\/12&#8243;][\/vc_column_inner][\/vc_row_inner][vc_row_inner row_type=&#8221;row&#8221; type=&#8221;full_width&#8221; use_row_as_full_screen_section_slide=&#8221;no&#8221; text_align=&#8221;left&#8221; css_animation=&#8221;&#8221;][vc_column_inner width=&#8221;1\/12&#8243;][\/vc_column_inner][vc_column_inner width=&#8221;1\/12&#8243;][vc_column_text]<\/p>\n<h3><span style=\"color: #502825;\">4.<\/span><\/h3>\n<p>[\/vc_column_text][\/vc_column_inner][vc_column_inner width=&#8221;9\/12&#8243;][vc_empty_space height=&#8221;21&#8243;][vc_column_text]<\/p>\n<h5>F\u00e5 dina glasunderl\u00e4gg. Inom ca 2-4 veckor efter att vi mottagit och kontrollerat dina streckkoder kommer dina glasunderl\u00e4gg att skickas till dig.<\/h5>\n<p>[\/vc_column_text][vc_empty_space height=&#8221;30px&#8221;][vc_column_text css=&#8221;.vc_custom_1508243845320{margin-bottom: 14px !important;}&#8221;]<span style=\"color: #502825;\">*Kampanjen g\u00e4ller f\u00f6r 4 st glasunderl\u00e4gg fr\u00e5n Olle Eksell. Du kan erh\u00e5lla dessa glasunderl\u00e4gg vid ink\u00f6p av 5 st Fazer \u00d6gon produkter. G\u00e4ller f\u00f6r Fazer \u00d6gon Vit Choklad 100g, \u00d6gon 70% Premium Choklad 100g, \u00d6gon Ljus Choklad 250g, \u00d6gon M\u00f6rk Choklad 250g, \u00d6gon Ljus Block 175g, \u00d6gon M\u00f6rk Block 175g, \u00d6gon Cacao 200g, \u00d6gon Cacao 400g.<\/span>[\/vc_column_text][vc_column_text css=&#8221;.vc_custom_1507732545841{margin-bottom: 14px !important;}&#8221;]<span style=\"color: #502825;\">Notera att en fast kostnad p\u00e5 39 kr tillkommer f\u00f6r frakt och hantering och betalas d\u00e5 ni erh\u00e5ller premien. G\u00e4ller endast leverans inom Sverige.<\/span>[\/vc_column_text][vc_column_text]<span style=\"color: #502825;\">Observera att glasunderl\u00e4ggen kan ta slut innan sista registreringsdatum och erbjudandet g\u00e4ller s\u00e5 l\u00e5ngt lagret r\u00e4cker!<\/span>[\/vc_column_text][vc_empty_space height=&#8221;15px&#8221;][\/vc_column_inner][vc_column_inner width=&#8221;1\/12&#8243;][\/vc_column_inner][\/vc_row_inner][\/vc_column][\/vc_row][vc_row row_type=&#8221;row&#8221; use_row_as_full_screen_section=&#8221;no&#8221; type=&#8221;grid&#8221; anchor=&#8221;gor&#8221; text_align=&#8221;center&#8221; background_color=&#8221;#ffffff&#8221; padding_top=&#8221;0&#8243; padding_bottom=&#8221;100&#8243; css_animation=&#8221;&#8221; css=&#8221;.vc_custom_1507728998458{background-color: #f8e2be !important;}&#8221;][vc_column offset=&#8221;vc_hidden-lg&#8221;][vc_empty_space height=&#8221;50&#8243;][vc_row_inner row_type=&#8221;row&#8221; type=&#8221;full_width&#8221; use_row_as_full_screen_section_slide=&#8221;no&#8221; text_align=&#8221;left&#8221; css_animation=&#8221;&#8221;][vc_column_inner width=&#8221;1\/2&#8243;][vc_column_text]<\/p>\n<h3><span style=\"color: #502825;\">1.<\/span><\/h3>\n<p>[\/vc_column_text][\/vc_column_inner][vc_column_inner width=&#8221;1\/2&#8243;][vc_empty_space height=&#8221;8px&#8221;][vc_column_text]<\/p>\n<h5>K\u00f6p 5 stycken Fazer \u00d6gon-produkter*.<\/h5>\n<p>[\/vc_column_text][vc_empty_space height=&#8221;40px&#8221;][\/vc_column_inner][\/vc_row_inner][vc_row_inner row_type=&#8221;row&#8221; type=&#8221;full_width&#8221; use_row_as_full_screen_section_slide=&#8221;no&#8221; text_align=&#8221;left&#8221; css_animation=&#8221;&#8221;][vc_column_inner width=&#8221;1\/2&#8243;][vc_column_text]<\/p>\n<h3><span style=\"color: #502825;\">2.<\/span><\/h3>\n<p>[\/vc_column_text][\/vc_column_inner][vc_column_inner width=&#8221;1\/2&#8243;][vc_empty_space height=&#8221;8px&#8221;][vc_column_text]<\/p>\n<h5><span style=\"color: #502825; font-weight: bold;\"><a style=\"color: #502825;\" href=\"http:\/\/ww2.elsnordic.com\/fazerogon\/registrera-dig\/\">Klicka h\u00e4r<\/a><\/span> och registrera dina uppgifter senast 28 december 2017. V\u00e4lj sedan alternativ 2a eller 2b.<\/h5>\n<p>[\/vc_column_text][vc_empty_space height=&#8221;40px&#8221;][\/vc_column_inner][\/vc_row_inner][vc_row_inner row_type=&#8221;row&#8221; type=&#8221;full_width&#8221; use_row_as_full_screen_section_slide=&#8221;no&#8221; text_align=&#8221;left&#8221; css_animation=&#8221;&#8221;][vc_column_inner width=&#8221;1\/2&#8243;][vc_column_text]<\/p>\n<h3><span style=\"color: #502825;\">2a.<\/span><\/h3>\n<p>[\/vc_column_text][\/vc_column_inner][vc_column_inner width=&#8221;1\/2&#8243;][vc_empty_space height=&#8221;8px&#8221;][vc_column_text]<\/p>\n<h5>Registrera dig genom att ladda upp ett foto p\u00e5 kvittot samt att ange streckkoderna p\u00e5 de k\u00f6pta produkterna.<\/h5>\n<p>[\/vc_column_text][vc_empty_space height=&#8221;40px&#8221;][\/vc_column_inner][\/vc_row_inner][vc_row_inner row_type=&#8221;row&#8221; type=&#8221;full_width&#8221; use_row_as_full_screen_section_slide=&#8221;no&#8221; text_align=&#8221;left&#8221; css_animation=&#8221;&#8221;][vc_column_inner width=&#8221;1\/2&#8243;][vc_column_text]<\/p>\n<h3><span style=\"color: #502825;\">2b.<\/span><\/h3>\n<p>[\/vc_column_text][\/vc_column_inner][vc_column_inner width=&#8221;1\/2&#8243;][vc_empty_space height=&#8221;8px&#8221;][vc_column_text]<\/p>\n<h5>Registrera dig genom att erh\u00e5lla ett Registreringsmail som skrivs ut och s\u00e4nds in tillsammans med de utklippta streckkoderna som ska vara ELS tillhanda senast 11 januari 2018.<\/h5>\n<p>[\/vc_column_text][vc_empty_space height=&#8221;40px&#8221;][\/vc_column_inner][\/vc_row_inner][vc_row_inner row_type=&#8221;row&#8221; type=&#8221;full_width&#8221; use_row_as_full_screen_section_slide=&#8221;no&#8221; text_align=&#8221;left&#8221; css_animation=&#8221;&#8221;][vc_column_inner width=&#8221;1\/2&#8243;][vc_column_text]<\/p>\n<h3><span style=\"color: #502825;\">3.<\/span><\/h3>\n<p>[\/vc_column_text][\/vc_column_inner][vc_column_inner width=&#8221;1\/2&#8243;][vc_empty_space height=&#8221;8px&#8221;][vc_column_text]<\/p>\n<h5><strong>Endast vid val av alternativ 2b.<\/strong> Skicka in streckkoderna. Klipp ut dina streckkoder och l\u00e4gg dem tillsammans med det utskrivna Registrerings\u00admailet som erh\u00f6lls efter registreringen i ett kuvert och skicka till:<\/h5>\n<p>[\/vc_column_text][vc_empty_space height=&#8221;5&#8243;][vc_column_text]<\/p>\n<h5><strong>FAZER \u00d6GON C\/O ELS SVERIGE AB, M\u00d6LNDALSV\u00c4GEN 91, 412 63 G\u00d6TEBORG<\/strong><\/h5>\n<p>[\/vc_column_text][vc_empty_space height=&#8221;40px&#8221;][\/vc_column_inner][\/vc_row_inner][vc_row_inner row_type=&#8221;row&#8221; type=&#8221;full_width&#8221; use_row_as_full_screen_section_slide=&#8221;no&#8221; text_align=&#8221;left&#8221; css_animation=&#8221;&#8221;][vc_column_inner width=&#8221;1\/2&#8243;][vc_column_text]<\/p>\n<h3><span style=\"color: #502825;\">4.<\/span><\/h3>\n<p>[\/vc_column_text][\/vc_column_inner][vc_column_inner width=&#8221;1\/2&#8243;][vc_empty_space height=&#8221;8px&#8221;][vc_column_text]<\/p>\n<h5>F\u00e5 dina glasunderl\u00e4gg. Inom ca 2-4 veckor efter att vi mottagit och kontrollerat dina streckkoder kommer dina glasunderl\u00e4gg att skickas till dig.<\/h5>\n<p>[\/vc_column_text][vc_empty_space height=&#8221;25px&#8221;][vc_column_text]<span style=\"color: #502825;\">*Kampanjen g\u00e4ller f\u00f6r 4 st glasunderl\u00e4gg fr\u00e5n Olle Eksell. Du kan erh\u00e5lla dessa glasunderl\u00e4gg vid ink\u00f6p av 5 st Fazer \u00d6gon produkter. G\u00e4ller f\u00f6r Fazer \u00d6gon Vit Choklad 100g, \u00d6gon 70% Premium Choklad 100g, \u00d6gon Ljus Choklad 250g, \u00d6gon M\u00f6rk Choklad 250g, \u00d6gon Ljus Block 175g, \u00d6gon M\u00f6rk Block 175g, \u00d6gon Cacao 200g, \u00d6gon Cacao 400g.<\/span>[\/vc_column_text][vc_empty_space height=&#8221;25px&#8221;][vc_column_text]<span style=\"color: #502825;\">Notera att en fast kostnad p\u00e5 39 kr tillkommer f\u00f6r frakt och hantering och betalas d\u00e5 ni erh\u00e5ller premien. G\u00e4ller endast leverans inom Sverige.<\/span>[\/vc_column_text][vc_empty_space height=&#8221;25px&#8221;][vc_column_text]<span style=\"color: #502825;\">Observera att glasunderl\u00e4ggen kan ta slut innan sista registreringsdatum och erbjudandet g\u00e4ller s\u00e5 l\u00e5ngt lagret r\u00e4cker!<\/span>[\/vc_column_text][\/vc_column_inner][\/vc_row_inner][\/vc_column][\/vc_row]<\/p>\n","protected":false},"excerpt":{"rendered":"<p>[vc_row row_type=&#8221;row&#8221; use_row_as_full_screen_section=&#8221;no&#8221; type=&#8221;grid&#8221; anchor=&#8221;gor&#8221; text_align=&#8221;center&#8221; background_color=&#8221;#ffffff&#8221; padding_top=&#8221;0&#8243; padding_bottom=&#8221;100&#8243; css_animation=&#8221;&#8221; el_class=&#8221;mobile_row_hide &#8221; css=&#8221;.vc_custom_1507728991531{background-color: #f8e2be !important;}&#8221;][vc_column css=&#8221;.vc_custom_1502810463407{padding-right: 10% !important;padding-left: 10% !important;}&#8221;][vc_empty_space height=&#8221;100&#8243;][vc_row_inner row_type=&#8221;row&#8221; type=&#8221;full_width&#8221; use_row_as_full_screen_section_slide=&#8221;no&#8221; text_align=&#8221;left&#8221; css_animation=&#8221;&#8221;][vc_column_inner width=&#8221;1\/12&#8243;][\/vc_column_inner][vc_column_inner width=&#8221;1\/12&#8243;][vc_column_text] 1. [\/vc_column_text][\/vc_column_inner][vc_column_inner width=&#8221;9\/12&#8243;][vc_empty_space height=&#8221;21&#8243;][vc_column_text] K\u00f6p 5 stycken Fazer \u00d6gon-produkter*. [\/vc_column_text][vc_empty_space height=&#8221;30px&#8221;][\/vc_column_inner][vc_column_inner width=&#8221;1\/12&#8243;][\/vc_column_inner][\/vc_row_inner][vc_row_inner row_type=&#8221;row&#8221; type=&#8221;full_width&#8221; use_row_as_full_screen_section_slide=&#8221;no&#8221; text_align=&#8221;left&#8221; css_animation=&#8221;&#8221;][vc_column_inner&#8230;<\/p>\n","protected":false},"author":10,"featured_media":0,"parent":0,"menu_order":0,"comment_status":"closed","ping_status":"closed","template":"full_width.php","meta":[],"_links":{"self":[{"href":"http:\/\/ww2.elsnordic.com\/fazerogon\/wp-json\/wp\/v2\/pages\/403"}],"collection":[{"href":"http:\/\/ww2.elsnordic.com\/fazerogon\/wp-json\/wp\/v2\/pages"}],"about":[{"href":"http:\/\/ww2.elsnordic.com\/fazerogon\/wp-json\/wp\/v2\/types\/page"}],"author":[{"embeddable":true,"href":"http:\/\/ww2.elsnordic.com\/fazerogon\/wp-json\/wp\/v2\/users\/10"}],"replies":[{"embeddable":true,"href":"http:\/\/ww2.elsnordic.com\/fazerogon\/wp-json\/wp\/v2\/comments?post=403"}],"version-history":[{"count":82,"href":"http:\/\/ww2.elsnordic.com\/fazerogon\/wp-json\/wp\/v2\/pages\/403\/revisions"}],"predecessor-version":[{"id":1089,"href":"http:\/\/ww2.elsnordic.com\/fazerogon\/wp-json\/wp\/v2\/pages\/403\/revisions\/1089"}],"wp:attachment":[{"href":"http:\/\/ww2.elsnordic.com\/fazerogon\/wp-json\/wp\/v2\/media?parent=403"}],"curies":[{"name":"wp","href":"https:\/\/api.w.org\/{rel}","templated":true}]}}