{"id":2912,"date":"2014-11-01T14:40:33","date_gmt":"2014-11-01T14:40:33","guid":{"rendered":"http:\/\/ww2.elsnordic.com\/healthandbeauty\/?page_id=2912"},"modified":"2015-09-15T11:48:46","modified_gmt":"2015-09-15T11:48:46","slug":"2912-2","status":"publish","type":"page","link":"http:\/\/ww2.elsnordic.com\/healthandbeauty\/2912-2\/","title":{"rendered":"Salonger"},"content":{"rendered":"<p style=\"text-align: center;\"><strong><span style=\"color: #62263d;\">Soita hoitolaan, kerro, ett\u00e4 sinulla on Schwarzkopfin Beauty Weeksien arvoseteli,<br \/>\nja varaa aika. Huomaa,\u00a0ett\u00e4 varaus tulisi tehd\u00e4 14 p\u00e4iv\u00e4\u00e4 etuk\u00e4teen.<\/span><\/strong><\/p>\n<p style=\"text-align: center;\">\n<p>&nbsp;<br \/>\n&nbsp;<\/p>\n","protected":false},"excerpt":{"rendered":"<p>Soita hoitolaan, kerro, ett\u00e4 sinulla on Schwarzkopfin Beauty Weeksien arvoseteli, ja varaa aika. Huomaa,\u00a0ett\u00e4 varaus tulisi tehd\u00e4 14 p\u00e4iv\u00e4\u00e4 etuk\u00e4teen. &nbsp; &nbsp;<\/p>\n","protected":false},"author":10,"featured_media":0,"parent":0,"menu_order":0,"comment_status":"open","ping_status":"open","template":"portfolio-one-column.php","meta":[],"_links":{"self":[{"href":"http:\/\/ww2.elsnordic.com\/healthandbeauty\/wp-json\/wp\/v2\/pages\/2912"}],"collection":[{"href":"http:\/\/ww2.elsnordic.com\/healthandbeauty\/wp-json\/wp\/v2\/pages"}],"about":[{"href":"http:\/\/ww2.elsnordic.com\/healthandbeauty\/wp-json\/wp\/v2\/types\/page"}],"author":[{"embeddable":true,"href":"http:\/\/ww2.elsnordic.com\/healthandbeauty\/wp-json\/wp\/v2\/users\/10"}],"replies":[{"embeddable":true,"href":"http:\/\/ww2.elsnordic.com\/healthandbeauty\/wp-json\/wp\/v2\/comments?post=2912"}],"version-history":[{"count":22,"href":"http:\/\/ww2.elsnordic.com\/healthandbeauty\/wp-json\/wp\/v2\/pages\/2912\/revisions"}],"predecessor-version":[{"id":4229,"href":"http:\/\/ww2.elsnordic.com\/healthandbeauty\/wp-json\/wp\/v2\/pages\/2912\/revisions\/4229"}],"wp:attachment":[{"href":"http:\/\/ww2.elsnordic.com\/healthandbeauty\/wp-json\/wp\/v2\/media?parent=2912"}],"curies":[{"name":"wp","href":"https:\/\/api.w.org\/{rel}","templated":true}]}}