{"id":342,"date":"2016-03-02T13:14:09","date_gmt":"2016-03-02T13:14:09","guid":{"rendered":"http:\/\/stockholm3.select-themes.com\/?page_id=4"},"modified":"2017-06-02T11:25:03","modified_gmt":"2017-06-02T11:25:03","slug":"home-main","status":"publish","type":"page","link":"http:\/\/ww2.elsnordic.com\/hthceannis\/","title":{"rendered":"Hem"},"content":{"rendered":"<p>[vc_row row_type=&#8221;row&#8221; use_row_as_full_screen_section=&#8221;no&#8221; type=&#8221;full_width&#8221; text_align=&#8221;left&#8221; css_animation=&#8221;&#8221; el_class=&#8221;mobile_row_hide&#8221; el_id=&#8221;mobile_row_hide&#8221; css=&#8221;.vc_custom_1494496964263{background-image: url(http:\/\/ww2.elsnordic.com\/hthceannis\/wp-content\/uploads\/sites\/103\/2016\/03\/bg2-4.jpg?id=955) !important;}&#8221;][vc_column][vc_row_inner row_type=&#8221;row&#8221; type=&#8221;full_width&#8221; use_row_as_full_screen_section_slide=&#8221;no&#8221; text_align=&#8221;left&#8221; css_animation=&#8221;element_from_left&#8221; transition_delay=&#8221;150&#8243; el_class=&#8221;mobile_row_hide&#8221;][vc_column_inner][qode_elements_holder number_of_columns=&#8221;one_column&#8221;][qode_elements_holder_item item_padding=&#8221;18% 0% 19% 17%&#8221; item_padding_1280_1600=&#8221;18% 20% 19% 20%&#8221; item_padding_1024_1280=&#8221;18% 20% 19% 20%&#8221; item_padding_768_1024=&#8221;18% 20% 19% 20%&#8221; item_padding_600_768=&#8221;18% 20% 19% 20%&#8221; item_padding_480_600=&#8221;18% 20% 19% 20%&#8221; item_padding_480=&#8221;18% 20% 19% 20%&#8221;][vc_empty_space height=&#8221;&#8221;]<div class=\"custom_font_holder\" style=\" font-size: 96px; font-style: normal; font-weight: 200; color: #ffffff; text-decoration: none; text-align: left;\"><span><\/p>\n<h1><span style=\"color: #ffffff;\">K\u00f6p 2 hth<\/span><\/h1>\n<p><\/span><\/div>[vc_column_text]<\/p>\n<h2><span style=\"color: #ffffff; font-size: 55px;\">f\u00e5 lyxig necces\u00e4r<\/span><\/h2>\n<p>[\/vc_column_text][vc_empty_space height=&#8221;40&#8243;]<a href=\"http:\/\/hthceannis.elskampanj.se\/\" target=\"_self\"  class=\"qbutton  large\" style=\"font-size: 17px; margin: 0 0 0 0 ; \">Registrera dig<\/a>[vc_empty_space height=&#8221;30px&#8221;][\/qode_elements_holder_item][\/qode_elements_holder][\/vc_column_inner][\/vc_row_inner][\/vc_column][\/vc_row][vc_row row_type=&#8221;row&#8221; use_row_as_full_screen_section=&#8221;yes&#8221; type=&#8221;grid&#8221; text_align=&#8221;left&#8221; background_color=&#8221;#ffffff&#8221; padding_bottom=&#8221;20&#8243; css_animation=&#8221;&#8221; el_class=&#8221;mobile_row_hide&#8221; css=&#8221;.vc_custom_1494497610181{padding-bottom: 175px !important;background-color: #ffffff !important;}&#8221;][vc_column css=&#8221;.vc_custom_1486567893667{padding-bottom: 0px !important;background-color: #ffffff !important;}&#8221;][qode_elements_holder background_color=&#8221;#ffffff&#8221; number_of_columns=&#8221;two_columns&#8221;][qode_elements_holder_item background_color=&#8221;#ffffff&#8221; item_padding=&#8221;20% 0 0 0&#8243; item_padding_600_768=&#8221;22% 0 0 0&#8243;][vc_single_image image=&#8221;1021&#8243; img_size=&#8221;full&#8221; qode_css_animation=&#8221;element_from_left&#8221;][vc_empty_space height=&#8221;30px&#8221;][\/qode_elements_holder_item][qode_elements_holder_item item_padding=&#8221;19% 0% 0 16%&#8221; item_padding_600_768=&#8221;7% 0 0 0%&#8221; item_padding_480_600=&#8221;7% 0 0 0%&#8221; item_padding_480=&#8221;7% 0 0 0%&#8221;][vc_empty_space height=&#8221;5px&#8221;][vc_column_text]<\/p>\n<h2><span style=\"color: #f28d00;\">hth &#8211; hj\u00e4lper torr hud<\/span><\/h2>\n<p>[\/vc_column_text][vc_empty_space height=&#8221;20px&#8221;][vc_column_text]<strong>Visste du att hth bygger p\u00e5 en medicinsk uppt\u00e4ckt av dermatologen och professorn Gunnar Swanbeck redan p\u00e5 1960-talet?<\/strong>[\/vc_column_text][vc_empty_space height=&#8221;12px&#8221;][vc_column_text]Swanbeck uppt\u00e4ckte att torr hud har brist p\u00e5 fuktgivande \u00e4mnen som finns naturligt i huden, bland annat karbamid och mj\u00f6lksyra<strong>. <\/strong>Kombinationen av dessa ingredienser gav goda effekter mot torr hud.[\/vc_column_text][vc_empty_space height=&#8221;12px&#8221;][vc_column_text]L\u00e4s mer om hth och torr hud\u00a0<a href=\"http:\/\/www.xn--hthhudvrd-c3a.se\/\" target=\"_blank\" rel=\"noopener noreferrer\"><strong>h\u00e4r <\/strong><\/a>[\/vc_column_text][vc_empty_space height=&#8221;39px&#8221;][\/qode_elements_holder_item][\/qode_elements_holder][\/vc_column][\/vc_row][vc_row row_type=&#8221;row&#8221; use_row_as_full_screen_section=&#8221;yes&#8221; type=&#8221;full_width&#8221; text_align=&#8221;center&#8221; padding_top=&#8221;0&#8243; padding_bottom=&#8221;0&#8243; css_animation=&#8221;&#8221;][vc_column offset=&#8221;vc_hidden-lg vc_hidden-md vc_hidden-sm&#8221; css=&#8221;.vc_custom_1494510174982{background-image: url(http:\/\/ww2.elsnordic.com\/hthceannis\/wp-content\/uploads\/sites\/103\/2016\/03\/bgmob.png?id=970) !important;}&#8221;][vc_empty_space height=&#8221;380px&#8221;][vc_column_text css=&#8221;.vc_custom_1494509966370{padding-top: 30px !important;padding-right: 4% !important;padding-left: 4% !important;}&#8221;]<\/p>\n<h6 style=\"text-align: center;\"><span style=\"color: #ffffff; font-size: 55px; line-height: 10px;\">K\u00f6p 2 hth<\/span><\/h6>\n<p>[\/vc_column_text][vc_empty_space height=&#8221;5px&#8221;][vc_column_text css=&#8221;.vc_custom_1494510959911{padding-right: 4% !important;padding-left: 4% !important;}&#8221;]<\/p>\n<h2 style=\"text-align: center;\"><span style=\"color: #ffffff; font-size: 26px; line-height: 1px;\">f\u00e5 lyxig necces\u00e4r<\/span><\/h2>\n<p>[\/vc_column_text][vc_empty_space height=&#8221;17px&#8221;]<a href=\"http:\/\/hthceannis.elskampanj.se\/\" target=\"_self\"  class=\"qbutton  large\" style=\"margin: 0 0 34px 0 ; \">Registrera dig<\/a>[\/vc_column][vc_column offset=&#8221;vc_hidden-lg vc_hidden-md vc_hidden-sm&#8221; css=&#8221;.vc_custom_1487086040537{padding-top: 48px !important;background-color: #ffffff !important;}&#8221;][qode_elements_holder number_of_columns=&#8221;two_columns&#8221;][qode_elements_holder_item item_padding=&#8221;0 0 0 0&#8243; item_padding_600_768=&#8221;22% 0 0 0&#8243;][vc_single_image image=&#8221;1023&#8243; img_size=&#8221;full&#8221; qode_css_animation=&#8221;&#8221; css=&#8221;.vc_custom_1494600255618{padding-right: 4% !important;padding-left: 4% !important;}&#8221;][\/qode_elements_holder_item][qode_elements_holder_item item_padding=&#8221;17% 0 0 17%&#8221; item_padding_600_768=&#8221;7% 0 0 0%&#8221; item_padding_480_600=&#8221;7% 0 0 0%&#8221; item_padding_480=&#8221;7% 0 0 0%&#8221;][vc_column_text css=&#8221;.vc_custom_1494510640794{padding-right: 4% !important;padding-bottom: 15px !important;padding-left: 4% !important;}&#8221;]<\/p>\n<h6><span style=\"color: #f28d00; line-height: 45px; font-size: 35px;\">hth \u2013 hj\u00e4lper torr hud<br \/>\n<\/span><\/h6>\n<p>[\/vc_column_text][vc_empty_space height=&#8221;5px&#8221;][vc_column_text css=&#8221;.vc_custom_1494598499310{padding-right: 8% !important;padding-left: 8% !important;}&#8221;]<strong>Visste du att hth bygger p\u00e5 en medicinsk uppt\u00e4ckt av dermatologen och professorn Gunnar Swanbeck redan p\u00e5 1960-talet?<\/strong>[\/vc_column_text][vc_empty_space height=&#8221;12px&#8221;][vc_column_text css=&#8221;.vc_custom_1494598520195{padding-right: 8% !important;padding-left: 8% !important;}&#8221;]Swanbeck uppt\u00e4ckte att torr hud har brist p\u00e5 fuktgivande \u00e4mnen som finns naturligt i huden, bland annat karbamid och mj\u00f6lksyra<strong>. <\/strong>Kombinationen av dessa ingredienser gav goda effekter mot torr hud.[\/vc_column_text][vc_empty_space height=&#8221;12px&#8221;][vc_column_text css=&#8221;.vc_custom_1494598567830{padding-right: 8% !important;padding-left: 8% !important;}&#8221;]<\/p>\n<div class=\"wpb_text_column wpb_content_element \">\n<div class=\"wpb_wrapper\">\n<p>L\u00e4s mer om hth och torr hud\u00a0<a href=\"http:\/\/hthhudvard.se\/\" target=\"_blank\" rel=\"noopener noreferrer\"><strong>h\u00e4r <\/strong><\/a><\/p>\n<\/div>\n<\/div>\n<p>[\/vc_column_text][vc_empty_space height=&#8221;59px&#8221;][\/qode_elements_holder_item][\/qode_elements_holder][\/vc_column][\/vc_row]<\/p>\n","protected":false},"excerpt":{"rendered":"<p>[vc_row row_type=&#8221;row&#8221; use_row_as_full_screen_section=&#8221;no&#8221; type=&#8221;full_width&#8221; text_align=&#8221;left&#8221; css_animation=&#8221;&#8221; el_class=&#8221;mobile_row_hide&#8221; el_id=&#8221;mobile_row_hide&#8221; css=&#8221;.vc_custom_1494496964263{background-image: url(http:\/\/ww2.elsnordic.com\/hthceannis\/wp-content\/uploads\/sites\/103\/2016\/03\/bg2-4.jpg?id=955) !important;}&#8221;][vc_column][vc_row_inner row_type=&#8221;row&#8221; type=&#8221;full_width&#8221; use_row_as_full_screen_section_slide=&#8221;no&#8221; text_align=&#8221;left&#8221; css_animation=&#8221;element_from_left&#8221; transition_delay=&#8221;150&#8243; el_class=&#8221;mobile_row_hide&#8221;][vc_column_inner][qode_elements_holder number_of_columns=&#8221;one_column&#8221;][qode_elements_holder_item item_padding=&#8221;18% 0% 19% 17%&#8221; item_padding_1280_1600=&#8221;18% 20% 19% 20%&#8221; item_padding_1024_1280=&#8221;18% 20% 19% 20%&#8221; item_padding_768_1024=&#8221;18% 20% 19% 20%&#8221; item_padding_600_768=&#8221;18% 20% 19% 20%&#8221; item_padding_480_600=&#8221;18% 20% 19% 20%&#8221; item_padding_480=&#8221;18% 20%&#8230;<\/p>\n","protected":false},"author":10,"featured_media":0,"parent":0,"menu_order":0,"comment_status":"closed","ping_status":"closed","template":"full_width.php","meta":[],"_links":{"self":[{"href":"http:\/\/ww2.elsnordic.com\/hthceannis\/wp-json\/wp\/v2\/pages\/342"}],"collection":[{"href":"http:\/\/ww2.elsnordic.com\/hthceannis\/wp-json\/wp\/v2\/pages"}],"about":[{"href":"http:\/\/ww2.elsnordic.com\/hthceannis\/wp-json\/wp\/v2\/types\/page"}],"author":[{"embeddable":true,"href":"http:\/\/ww2.elsnordic.com\/hthceannis\/wp-json\/wp\/v2\/users\/10"}],"replies":[{"embeddable":true,"href":"http:\/\/ww2.elsnordic.com\/hthceannis\/wp-json\/wp\/v2\/comments?post=342"}],"version-history":[{"count":385,"href":"http:\/\/ww2.elsnordic.com\/hthceannis\/wp-json\/wp\/v2\/pages\/342\/revisions"}],"predecessor-version":[{"id":1026,"href":"http:\/\/ww2.elsnordic.com\/hthceannis\/wp-json\/wp\/v2\/pages\/342\/revisions\/1026"}],"wp:attachment":[{"href":"http:\/\/ww2.elsnordic.com\/hthceannis\/wp-json\/wp\/v2\/media?parent=342"}],"curies":[{"name":"wp","href":"https:\/\/api.w.org\/{rel}","templated":true}]}}