{"id":394,"date":"2017-01-16T13:22:30","date_gmt":"2017-01-16T13:22:30","guid":{"rendered":"http:\/\/ww2.elsnordic.com\/hthceannis\/?page_id=394"},"modified":"2017-05-11T15:14:24","modified_gmt":"2017-05-11T15:14:24","slug":"las-villkor","status":"publish","type":"page","link":"http:\/\/ww2.elsnordic.com\/hthceannis\/las-villkor\/","title":{"rendered":"Villkor"},"content":{"rendered":"<p>[vc_row row_type=&#8221;row&#8221; use_row_as_full_screen_section=&#8221;no&#8221; type=&#8221;grid&#8221; text_align=&#8221;left&#8221; background_color=&#8221;#ffffff&#8221; padding_bottom=&#8221;100&#8243; css_animation=&#8221;&#8221; css=&#8221;.vc_custom_1494511944331{padding-right: 3% !important;padding-left: 3% !important;}&#8221; el_class=&#8221;mobile_row_hide &#8221;][vc_column width=&#8221;5\/6&#8243; offset=&#8221;vc_col-sm-offset-1&#8243; css=&#8221;.vc_custom_1493969896699{padding-right: 4% !important;padding-left: 4% !important;}&#8221;][vc_empty_space height=&#8221;100&#8243;]<div class=\"q_icon_list\"><i class=\"fa fa-circle normal_icon_list  \" style=\"color:#f28d00;\"><\/i><p class=\"normal_icon_list \" style=\"\">L\u00e4s igenom erbjudandet och villkor noggrant innan anv\u00e4ndandet. Erbjudandet g\u00e4ller endast f\u00f6r de villkor som anges.<\/p><\/div><div class=\"q_icon_list\"><i class=\"fa fa-circle normal_icon_list  \" style=\"color:#f28d00;\"><\/i><p class=\"normal_icon_list \" style=\"\">Kampanjen g\u00e4ller f\u00f6r Ceannis Necess\u00e4r i storlek Small och i f\u00e4rgen Gr\u00e5. Du kan erh\u00e5lla denna necess\u00e4r vid ink\u00f6p av 2 st produkter fr\u00e5n HTH. G\u00e4ller HTH Skin repair 100ml, HTH Skin Protection Body Cream 200ml, HTH Cr\u00e8me 100ml, HTH Original Lotion 200ml, HTH Body Lotion Soft Cotton 200ml, HTH Body Lotion Omega 3\/6 200ml, HTH Body Lotion Primrose 200ml, HTH Original Lotion oparfymerad 200ml, HTH Original Lotion 400ml, HTH Original Lotion oparfymerad pump 400ml.<\/p><\/div><div class=\"q_icon_list\"><i class=\"fa fa-circle normal_icon_list  \" style=\"color:#f28d00;\"><\/i><p class=\"normal_icon_list \" style=\"\">F\u00f6r att ta del av erbjudandet kr\u00e4vs det att du laddar upp ett foto p\u00e5 kvittot p\u00e5 dina k\u00f6pta produkter vid registreringen. Kvittot som laddas upp m\u00e5ste vara v\u00e4l synligt p\u00e5 alla k\u00f6pta produkter med datum och pris per produkt likas\u00e5 kvittonummer. Uppt\u00e4cker vi att n\u00e5got inte st\u00e4mmer i er registrering s\u00e5 som felaktigt kvitto kommer er registrering inte att bli godk\u00e4nd. Var d\u00e4rf\u00f6r noga med att ladda upp giltigt kvitto.<\/p><\/div><div class=\"q_icon_list\"><i class=\"fa fa-circle normal_icon_list  \" style=\"color:#f28d00;\"><\/i><p class=\"normal_icon_list \" style=\"\">Erbjudandet kan ej kombineras med andra erbjudanden eller rabatter och g\u00e4ller max 1 g\u00e5ng per hush\u00e5ll. Senast datum f\u00f6r registrering av uppgifter \u00e4r den <strong>31 juli 2017. <\/strong><\/p><\/div><div class=\"q_icon_list\"><i class=\"fa fa-circle normal_icon_list  \" style=\"color:#f28d00;\"><\/i><p class=\"normal_icon_list \" style=\"\">Vid registrering f\u00f6r necess\u00e4ren tillkommer en avgift f\u00f6r frakt och hantering p\u00e5 39 kr och leverans g\u00e4ller endast inom Sverige.<\/p><\/div><div class=\"q_icon_list\"><i class=\"fa fa-circle normal_icon_list  \" style=\"color:#f28d00;\"><\/i><p class=\"normal_icon_list \" style=\"\">Inom ca 2-4 veckor efter att vi mottagit och kontrollerat registreringen kommer din necess\u00e4r att skickas till dig.<\/p><\/div><div class=\"q_icon_list\"><i class=\"fa fa-circle normal_icon_list  \" style=\"color:#f28d00;\"><\/i><p class=\"normal_icon_list \" style=\"\">L\u00e4s mer under \u201dG\u00f6r s\u00e5 h\u00e4r\u201d f\u00f6r att f\u00e5 reda p\u00e5 hur du g\u00e5r tillv\u00e4ga.<\/p><\/div><div class=\"q_icon_list\"><i class=\"fa fa-circle normal_icon_list  \" style=\"color:#f28d00;\"><\/i><p class=\"normal_icon_list \" style=\"\">De uppgifter du l\u00e4mnar om dig sj\u00e4lv i samband med deltagande i denna kampanjaktivitet kommer att behandlas f\u00f6r att kunna administrera aktiviteten. Observera att f\u00f6r aktivitetsdeltagare under 18 \u00e5r kr\u00e4vs v\u00e5rdnadshavares samtycke till personuppgiftsbehandling. Genom att godk\u00e4nna dessa Allm\u00e4nna Aktivitetsvillkor samtycker du till personuppgiftsbehandling enligt ovan.<\/p><\/div><div class=\"q_icon_list\"><i class=\"fa fa-circle normal_icon_list  \" style=\"color:#f28d00;\"><\/i><p class=\"normal_icon_list \" style=\"\">Vid eventuella tveksamheter ang\u00e5ende vad som omfattas av erbjudandet, villkor och dylikt, \u00e5ligger det alltid kunden att kontrollera vad som g\u00e4ller innan anv\u00e4ndande. Om villkoren och reglerna som anges h\u00e4r ej f\u00f6ljs eller missbrukas, har ni ej n\u00e5gon r\u00e4tt att anv\u00e4nda angivet erbjudande.<\/p><\/div><div class=\"q_icon_list\"><i class=\"fa fa-circle normal_icon_list  \" style=\"color:#f28d00;\"><\/i><p class=\"normal_icon_list \" style=\"\">European Loyalty Systems AB och Hth reserverar sig f\u00f6r felaktig information och ansvarar inte f\u00f6r ogiltiga registreringar d\u00e4r t e x kvitto ej synligg\u00f6rs enligt villkoren. European Loyalty Systems AB och HTH ansvarar inte f\u00f6r tryckfel eller skada p.g.a. force majeure s\u00e5som brand, olycksfall, strejk eller dylikt. <\/p><\/div><div class=\"q_icon_list\"><i class=\"fa fa-circle normal_icon_list  \" style=\"color:#f28d00;\"><\/i><p class=\"normal_icon_list \" style=\"\">Genom att registrera dina uppgifter har du ocks\u00e5 accepterat villkoren som n\u00e4mns h\u00e4r. Villkoren i kampanjen kan \u00e4ven \u00e4ndras utan f\u00f6rvarning.<\/p><\/div><div class=\"q_icon_list\"><i class=\"fa fa-circle normal_icon_list  \" style=\"color:#f28d00;\"><\/i><p class=\"normal_icon_list \" style=\"\">Fr\u00e5gor och synpunkter r\u00f6rande denna kampanj st\u00e4lls till European Loyalty Systems AB, tel kundservice 031-742 55 66 eller e-post info@elssverige.se.<\/p><\/div><div class=\"q_icon_list\"><i class=\"fa fa-circle normal_icon_list  \" style=\"color:#f28d00;\"><\/i><p class=\"normal_icon_list \" style=\"\">Denna kampanj \u00e4r framtagen och hanteras av European Loyalty Systems AB p\u00e5 uppdrag av Hth.<\/p><\/div>[\/vc_column][\/vc_row][vc_row row_type=&#8221;row&#8221; use_row_as_full_screen_section=&#8221;no&#8221; type=&#8221;grid&#8221; text_align=&#8221;left&#8221; background_color=&#8221;#ffffff&#8221; padding_bottom=&#8221;100&#8243; css_animation=&#8221;&#8221; css=&#8221;.vc_custom_1494515437344{padding-right: 3% !important;padding-left: 3% !important;}&#8221;][vc_column width=&#8221;5\/6&#8243; offset=&#8221;vc_hidden-lg vc_hidden-md vc_col-sm-offset-1 vc_hidden-sm&#8221; css=&#8221;.vc_custom_1494515450133{padding-right: 4% !important;padding-left: 4% !important;}&#8221;][vc_empty_space height=&#8221;50&#8243;]<div class=\"q_icon_list\"><i class=\"fa fa-circle small_icon_list  \" style=\"color:#f28d00;\"><\/i><p class=\"small_icon_list \" style=\"\">L\u00e4s igenom erbjudandet och villkor noggrant innan anv\u00e4ndandet. Erbjudandet g\u00e4ller endast f\u00f6r de villkor som anges.<\/p><\/div><div class=\"q_icon_list\"><i class=\"fa fa-circle small_icon_list  \" style=\"color:#f28d00;\"><\/i><p class=\"small_icon_list \" style=\"\">Kampanjen g\u00e4ller f\u00f6r Ceannis Necess\u00e4r i storlek Small och i f\u00e4rgen Gr\u00e5. Du kan erh\u00e5lla denna necess\u00e4r vid ink\u00f6p av 2 st produkter fr\u00e5n HTH. G\u00e4ller HTH Skin repair 100ml, HTH Skin Protection Body Cream 200ml, HTH Cr\u00e8me 100ml, HTH Original Lotion 200ml, HTH Body Lotion Soft Cotton 200ml, HTH Body Lotion Omega 3\/6 200ml, HTH Body Lotion Primrose 200ml, HTH Original Lotion oparfymerad 200ml, HTH Original Lotion 400ml, HTH Original Lotion oparfymerad pump 400ml.<\/p><\/div><div class=\"q_icon_list\"><i class=\"fa fa-circle small_icon_list  \" style=\"color:#f28d00;\"><\/i><p class=\"small_icon_list \" style=\"\">F\u00f6r att ta del av erbjudandet kr\u00e4vs det att du laddar upp ett foto p\u00e5 kvittot p\u00e5 dina k\u00f6pta produkter vid registreringen. Kvittot som laddas upp m\u00e5ste vara v\u00e4l synligt p\u00e5 alla k\u00f6pta produkter med datum och pris per produkt likas\u00e5 kvittonummer. Uppt\u00e4cker vi att n\u00e5got inte st\u00e4mmer i er registrering s\u00e5 som felaktigt kvitto kommer er registrering inte att bli godk\u00e4nd. Var d\u00e4rf\u00f6r noga med att ladda upp giltigt kvitto.<\/p><\/div><div class=\"q_icon_list\"><i class=\"fa fa-circle small_icon_list  \" style=\"color:#f28d00;\"><\/i><p class=\"small_icon_list \" style=\"\">Erbjudandet kan ej kombineras med andra erbjudanden eller rabatter och g\u00e4ller max 1 g\u00e5ng per hush\u00e5ll. Senast datum f\u00f6r registrering av uppgifter \u00e4r den <strong>31 juli 2017. <\/strong><\/p><\/div><div class=\"q_icon_list\"><i class=\"fa fa-circle small_icon_list  \" style=\"color:#f28d00;\"><\/i><p class=\"small_icon_list \" style=\"\">Vid registrering f\u00f6r necess\u00e4ren tillkommer en avgift f\u00f6r frakt och hantering p\u00e5 39 kr och leverans g\u00e4ller endast inom Sverige.<\/p><\/div><div class=\"q_icon_list\"><i class=\"fa fa-circle small_icon_list  \" style=\"color:#f28d00;\"><\/i><p class=\"small_icon_list \" style=\"\">Inom ca 2-4 veckor efter att vi mottagit och kontrollerat registreringen kommer din necess\u00e4r att skickas till dig.<\/p><\/div><div class=\"q_icon_list\"><i class=\"fa fa-circle small_icon_list  \" style=\"color:#f28d00;\"><\/i><p class=\"small_icon_list \" style=\"\">L\u00e4s mer under \u201dG\u00f6r s\u00e5 h\u00e4r\u201d f\u00f6r att f\u00e5 reda p\u00e5 hur du g\u00e5r tillv\u00e4ga.<\/p><\/div><div class=\"q_icon_list\"><i class=\"fa fa-circle small_icon_list  \" style=\"color:#f28d00;\"><\/i><p class=\"small_icon_list \" style=\"\">De uppgifter du l\u00e4mnar om dig sj\u00e4lv i samband med deltagande i denna kampanjaktivitet kommer att behandlas f\u00f6r att kunna administrera aktiviteten. Observera att f\u00f6r aktivitetsdeltagare under 18 \u00e5r kr\u00e4vs v\u00e5rdnadshavares samtycke till personuppgiftsbehandling. Genom att godk\u00e4nna dessa Allm\u00e4nna Aktivitetsvillkor samtycker du till personuppgiftsbehandling enligt ovan.<\/p><\/div><div class=\"q_icon_list\"><i class=\"fa fa-circle small_icon_list  \" style=\"color:#f28d00;\"><\/i><p class=\"small_icon_list \" style=\"\">Vid eventuella tveksamheter ang\u00e5ende vad som omfattas av erbjudandet, villkor och dylikt, \u00e5ligger det alltid kunden att kontrollera vad som g\u00e4ller innan anv\u00e4ndande. Om villkoren och reglerna som anges h\u00e4r ej f\u00f6ljs eller missbrukas, har ni ej n\u00e5gon r\u00e4tt att anv\u00e4nda angivet erbjudande.<\/p><\/div><div class=\"q_icon_list\"><i class=\"fa fa-circle small_icon_list  \" style=\"color:#f28d00;\"><\/i><p class=\"small_icon_list \" style=\"\">European Loyalty Systems AB och Hth reserverar sig f\u00f6r felaktig information och ansvarar inte f\u00f6r ogiltiga registreringar d\u00e4r t e x kvitto ej synligg\u00f6rs enligt villkoren. European Loyalty Systems AB och HTH ansvarar inte f\u00f6r tryckfel eller skada p.g.a. force majeure s\u00e5som brand, olycksfall, strejk eller dylikt. <\/p><\/div><div class=\"q_icon_list\"><i class=\"fa fa-circle small_icon_list  \" style=\"color:#f28d00;\"><\/i><p class=\"small_icon_list \" style=\"\">Genom att registrera dina uppgifter har du ocks\u00e5 accepterat villkoren som n\u00e4mns h\u00e4r. Villkoren i kampanjen kan \u00e4ven \u00e4ndras utan f\u00f6rvarning.<\/p><\/div><div class=\"q_icon_list\"><i class=\"fa fa-circle small_icon_list  \" style=\"color:#f28d00;\"><\/i><p class=\"small_icon_list \" style=\"\">Fr\u00e5gor och synpunkter r\u00f6rande denna kampanj st\u00e4lls till European Loyalty Systems AB, tel kundservice 031-742 55 66 eller e-post info@elssverige.se.<\/p><\/div><div class=\"q_icon_list\"><i class=\"fa fa-circle small_icon_list  \" style=\"color:#f28d00;\"><\/i><p class=\"small_icon_list \" style=\"\">Denna kampanj \u00e4r framtagen och hanteras av European Loyalty Systems AB p\u00e5 uppdrag av Hth.<\/p><\/div>[\/vc_column][\/vc_row]<\/p>\n","protected":false},"excerpt":{"rendered":"<p>[vc_row row_type=&#8221;row&#8221; use_row_as_full_screen_section=&#8221;no&#8221; type=&#8221;grid&#8221; text_align=&#8221;left&#8221; background_color=&#8221;#ffffff&#8221; padding_bottom=&#8221;100&#8243; css_animation=&#8221;&#8221; css=&#8221;.vc_custom_1494511944331{padding-right: 3% !important;padding-left: 3% !important;}&#8221; el_class=&#8221;mobile_row_hide &#8221;][vc_column width=&#8221;5\/6&#8243; offset=&#8221;vc_col-sm-offset-1&#8243; css=&#8221;.vc_custom_1493969896699{padding-right: 4% !important;padding-left: 4% !important;}&#8221;][vc_empty_space height=&#8221;100&#8243;][\/vc_column][\/vc_row][vc_row row_type=&#8221;row&#8221; use_row_as_full_screen_section=&#8221;no&#8221; type=&#8221;grid&#8221; text_align=&#8221;left&#8221; background_color=&#8221;#ffffff&#8221; padding_bottom=&#8221;100&#8243; css_animation=&#8221;&#8221; css=&#8221;.vc_custom_1494515437344{padding-right: 3% !important;padding-left: 3% !important;}&#8221;][vc_column width=&#8221;5\/6&#8243; offset=&#8221;vc_hidden-lg vc_hidden-md vc_col-sm-offset-1 vc_hidden-sm&#8221; css=&#8221;.vc_custom_1494515450133{padding-right: 4% !important;padding-left: 4% !important;}&#8221;][vc_empty_space&#8230;<\/p>\n","protected":false},"author":10,"featured_media":0,"parent":0,"menu_order":0,"comment_status":"closed","ping_status":"closed","template":"full_width.php","meta":[],"_links":{"self":[{"href":"http:\/\/ww2.elsnordic.com\/hthceannis\/wp-json\/wp\/v2\/pages\/394"}],"collection":[{"href":"http:\/\/ww2.elsnordic.com\/hthceannis\/wp-json\/wp\/v2\/pages"}],"about":[{"href":"http:\/\/ww2.elsnordic.com\/hthceannis\/wp-json\/wp\/v2\/types\/page"}],"author":[{"embeddable":true,"href":"http:\/\/ww2.elsnordic.com\/hthceannis\/wp-json\/wp\/v2\/users\/10"}],"replies":[{"embeddable":true,"href":"http:\/\/ww2.elsnordic.com\/hthceannis\/wp-json\/wp\/v2\/comments?post=394"}],"version-history":[{"count":44,"href":"http:\/\/ww2.elsnordic.com\/hthceannis\/wp-json\/wp\/v2\/pages\/394\/revisions"}],"predecessor-version":[{"id":1013,"href":"http:\/\/ww2.elsnordic.com\/hthceannis\/wp-json\/wp\/v2\/pages\/394\/revisions\/1013"}],"wp:attachment":[{"href":"http:\/\/ww2.elsnordic.com\/hthceannis\/wp-json\/wp\/v2\/media?parent=394"}],"curies":[{"name":"wp","href":"https:\/\/api.w.org\/{rel}","templated":true}]}}