{"id":7,"date":"2014-06-25T07:08:01","date_gmt":"2014-06-25T07:08:01","guid":{"rendered":"http:\/\/ww2.elsnordic.com\/lakeroldinner\/?page_id=7"},"modified":"2015-05-07T07:34:12","modified_gmt":"2015-05-07T07:34:12","slug":"gor-sa-har","status":"publish","type":"page","link":"http:\/\/ww2.elsnordic.com\/lakeroldinner\/?page_id=7","title":{"rendered":"G\u00f6r s\u00e5 h\u00e4r"},"content":{"rendered":"<h1 style=\"font-weight: 100; color: #d80000; text-align: center;\"><strong>Kampanjen \u00e4r avslutad, vid fr\u00e5gor kontakta kundtj\u00e4nst.<\/strong><\/h1>\n<p style=\"text-align: center;\"><strong>\u00a0<\/strong><\/p>\n<div class=\"space_20 clearfix\"><\/div><div class=\"row\"> <div class=\"col-md-6\"><div class=\"space_40 clearfix\"><\/div>\n<h2>G\u00f6r s\u00e5 h\u00e4r:<\/h2>\n<p><span style=\"font-weight: bold;\">1.\u00a0<\/span>K\u00f6p 2 st valfria produkter fr\u00e5n L\u00e4kerol.<\/p>\n<p><span style=\"font-weight: bold;\">2.\u00a0<\/span>Du kan f\u00e5 dina v\u00e4rdecheckar p\u00e5 tv\u00e5 olika s\u00e4tt: <a href=\"http:\/\/lakerol.elscampaign.com\/\" target=\"_blank\">Klicka h\u00e4r<\/a> och registrera dina uppgifter och streckkoder.<\/p>\n<p>Eller\u2026<\/p>\n<p>Fyll i dina kontaktuppgifter p\u00e5 talongen som du hittar i din butik. L\u00e4gg den i ett kuvert tillsammans med dina streckkoder och skicka till:<\/p>\n<p>L\u00e4kerol<br \/>\nc\/o ELS Sverige AB<br \/>\nM\u00f6lndalsv\u00e4gen 91<br \/>\n412 63 G\u00f6teborg<\/p>\n<p>Dina uppgifter ska vara oss tillhanda senast den 9 januari 2015 och du kan endast v\u00e4lja ett av alternativen.<\/p>\n<p><span style=\"font-weight: bold;\">3.<\/span>\u00a0Inom 14 dagar fr\u00e5n att vi mottagit ditt kuvert eller din digitala registrering, kommer ELS att skicka ut tv\u00e5 personliga v\u00e4rdecheckar till den e-postadress du angett vid registreringen.<\/p>\n<p><span style=\"font-weight: bold;\">4.<\/span>\u00a0V\u00e4lj vilken\u00a0<a title=\"Restauranger\" href=\"http:\/\/ww2.elsnordic.com\/lakeroldinner\/restauranger\/\">restaurang<\/a>\u00a0du \u00f6nskar bes\u00f6ka av de medverkande etablissemangen.<\/p>\n<p><strong>5.<\/strong>\u00a0Boka g\u00e4rna bord f\u00f6r att vara s\u00e4ker p\u00e5 att f\u00e5 plats p\u00e5 den restaurang och den kv\u00e4ll du valt ut.<\/p>\n<p><strong>6.<\/strong>\u00a0V\u00e4rdechecken ska klippas ut samt \u00f6verl\u00e4mnas till utvald restaurang i samband med best\u00e4llning, dock absolut senast n\u00e4r ni ber om notan.<\/p>\n<p><strong>7.<\/strong>\u00a0Njut av ert restaurangbes\u00f6k!<div class=\"space_40 clearfix\"><\/div>\n<a href=\"http:\/\/ww2.elsnordic.com\/lakeroldinner\/?page_id=15\" class=\"kad-btn btn-shortcode kad-btn-primary\" style=\"background-color:#ca0237; color:#FFF\">Till restauranger<\/a>\n<a href=\"http:\/\/ww2.elsnordic.com\/lakeroldinner\/?page_id=11\" class=\"kad-btn btn-shortcode kad-btn-primary\" style=\"background-color:#78b31d; color:#FFF\">L\u00e4s villkor<\/a>\n<\/div><div class=\"col-md-6\">\n<h2><a style=\"color: #005580;\" href=\"http:\/\/ww2.elsnordic.com\/lakeroldinnerfree\/wp-content\/uploads\/sites\/8\/2014\/06\/Lakerol_produkter_ny.png\" rel=\"lightbox\" ><img loading=\"lazy\" class=\"alignleft size-full wp-image-338\" src=\"http:\/\/ww2.elsnordic.com\/lakeroldinnerfree\/wp-content\/uploads\/sites\/8\/2014\/06\/Lakerol_produkter_ny.png\" alt=\"Lakerol_produkter_ny\" width=\"800\" height=\"800\" \/><\/a><\/h2>\n<\/div><\/div>\n<p>&nbsp;<\/p>\n","protected":false},"excerpt":{"rendered":"<p>Kampanjen \u00e4r avslutad, vid fr\u00e5gor kontakta kundtj\u00e4nst. \u00a0 &nbsp;<\/p>\n","protected":false},"author":4,"featured_media":0,"parent":0,"menu_order":0,"comment_status":"open","ping_status":"open","template":"page-fullwidth.php","meta":[],"_links":{"self":[{"href":"http:\/\/ww2.elsnordic.com\/lakeroldinner\/index.php?rest_route=\/wp\/v2\/pages\/7"}],"collection":[{"href":"http:\/\/ww2.elsnordic.com\/lakeroldinner\/index.php?rest_route=\/wp\/v2\/pages"}],"about":[{"href":"http:\/\/ww2.elsnordic.com\/lakeroldinner\/index.php?rest_route=\/wp\/v2\/types\/page"}],"author":[{"embeddable":true,"href":"http:\/\/ww2.elsnordic.com\/lakeroldinner\/index.php?rest_route=\/wp\/v2\/users\/4"}],"replies":[{"embeddable":true,"href":"http:\/\/ww2.elsnordic.com\/lakeroldinner\/index.php?rest_route=%2Fwp%2Fv2%2Fcomments&post=7"}],"version-history":[{"count":14,"href":"http:\/\/ww2.elsnordic.com\/lakeroldinner\/index.php?rest_route=\/wp\/v2\/pages\/7\/revisions"}],"predecessor-version":[{"id":716,"href":"http:\/\/ww2.elsnordic.com\/lakeroldinner\/index.php?rest_route=\/wp\/v2\/pages\/7\/revisions\/716"}],"wp:attachment":[{"href":"http:\/\/ww2.elsnordic.com\/lakeroldinner\/index.php?rest_route=%2Fwp%2Fv2%2Fmedia&parent=7"}],"curies":[{"name":"wp","href":"https:\/\/api.w.org\/{rel}","templated":true}]}}