{"id":11262,"date":"2015-02-01T09:17:19","date_gmt":"2015-02-01T09:17:19","guid":{"rendered":"http:\/\/themes.dfd.name\/sunday\/first\/?page_id=4"},"modified":"2016-06-13T09:16:47","modified_gmt":"2016-06-13T09:16:47","slug":"11262-2","status":"publish","type":"page","link":"http:\/\/ww2.elsnordic.com\/vikabrod\/","title":{"rendered":""},"content":{"rendered":"<p>[vc_row el_class=&#8221;mobile_row_hide&#8221; ult_hide_row=&#8221;ult_hide_row_value&#8221; ult_hide_row_large_screen=&#8221;off&#8221; ult_hide_row_desktop=&#8221;off&#8221; ult_hide_row_tablet=&#8221;off&#8221; ult_hide_row_tablet_small=&#8221;xs_tablet&#8221; ult_hide_row_mobile=&#8221;mobile&#8221; ult_hide_row_mobile_large=&#8221;xl_mobile&#8221; css=&#8221;.vc_custom_1455525270318{margin-top: 26px !important;border-top-width: 26px !important;padding-top: 26px !important;}&#8221;][vc_column css=&#8221;.vc_custom_1455285755131{background-color: #ffffff !important;}&#8221; offset=&#8221;vc_hidden-xs&#8221;][\/vc_column][\/vc_row][vc_row full_height=&#8221;yes&#8221; el_class=&#8221;mobile_row_hide&#8221; bg_type=&#8221;image&#8221; bg_image_new=&#8221;11279&#8243; bg_image_repeat=&#8221;no-repeat&#8221; bg_image_size=&#8221;contain&#8221; ult_hide_row=&#8221;ult_hide_row_value&#8221; ult_hide_row_large_screen=&#8221;off&#8221; ult_hide_row_desktop=&#8221;off&#8221; ult_hide_row_tablet=&#8221;off&#8221; ult_hide_row_tablet_small=&#8221;xs_tablet&#8221; ult_hide_row_mobile=&#8221;mobile&#8221; ult_hide_row_mobile_large=&#8221;xl_mobile&#8221; css=&#8221;.vc_custom_1455524376689{margin-right: 50px !important;margin-left: 50px !important;border-right-width: 50px !important;border-left-width: 50px !important;padding-right: 50px !important;padding-left: 50px !important;background-position: 0 0 !important;background-repeat: no-repeat !important;}&#8221;][vc_column css=&#8221;.vc_custom_1464867105113{margin-bottom: 20px !important;border-bottom-width: 20px !important;padding-top: 0px !important;padding-bottom: 20px !important;}&#8221; offset=&#8221;vc_hidden-xs&#8221;][vc_column_text]<\/p>\n<h3 style=\"text-align: center;\"><span style=\"color: #ffffff; font-size: 30px; letter-spacing: 0px; background-color: #e5231f;\"><span style=\"color: #e5231f;\">!!<\/span>KAMPANJEN \u00c4R AVSLUTAD!<span style=\"color: #e5231f;\">!!<\/span><\/span><\/h3>\n<p>[\/vc_column_text][vc_column_text]<\/p>\n<h3 style=\"text-align: center;\"><span style=\"color: #ffffff; font-size: 30px; letter-spacing: 0px; background-color: #e5231f;\"><span style=\"color: #e5231f;\">!!<\/span>K\u00d6P 2 PAKET FR\u00c5N VIKA BR\u00d6D S\u00c5 F\u00c5R DU EN TASTE OSTBRICKA\u00a0FR\u00c5N SAGAFORM.<span style=\"color: #e5231f;\">!!<\/span><\/span><\/h3>\n<p>[\/vc_column_text][\/vc_column][vc_column width=&#8221;1\/4&#8243; offset=&#8221;vc_hidden-xs&#8221;][\/vc_column][vc_column width=&#8221;1\/4&#8243; offset=&#8221;vc_hidden-xs&#8221;]<a class=\"ubtn-link ubtn-right tooltip-69f9512947501\"  href = \"http:\/\/vikabrod.elscampaign.com\" target=\"_self\"><span class=\" ubtn ubtn-normal ubtn-top-bg    ubtn-right  \"  data-hover=\"#ffffff\" data-border-color=\"#e5231f\" data-hover-bg=\"#e5231f\" data-border-hover=\"#e5231f\" data-shadow-hover=\"\" data-shadow-click=\"none\" data-shadow=\"\" data-shd-shadow=\"\" style=\"font-family:'Abel';font-weight:bold;border-radius:3px;border-width:3px;border-color:#e5231f;border-style:solid;background: #ffffff;color: #e5231f;\"><span class=\"ubtn-hover\"><\/span><span class=\"ubtn-data ubtn-text\" data-lang=\"en\">KAMPANJBEVIS<\/span><\/span><\/a>[\/vc_column][vc_column width=&#8221;1\/4&#8243; offset=&#8221;vc_hidden-xs&#8221;]<a class=\"ubtn-link ubtn-left tooltip-69f95129475a4\"  href = \"http:\/\/premieklubb.se\/Sagaform\/\" target=\"_self\"><span class=\" ubtn ubtn-normal ubtn-top-bg    ubtn-left  \"  data-hover=\"#ffffff\" data-border-color=\"#e5231f\" data-hover-bg=\"#e5231f\" data-border-hover=\"#e5231f\" data-shadow-hover=\"\" data-shadow-click=\"none\" data-shadow=\"\" data-shd-shadow=\"\" style=\"font-family:'Abel';font-weight:bold;border-radius:3px;border-width:3px;border-color:#e5231f;border-style:solid;background: #ffffff;color: #e5231f;\"><span class=\"ubtn-hover\"><\/span><span class=\"ubtn-data ubtn-text\" data-lang=\"en\">BEST\u00c4LL H\u00c4R<\/span><\/span><\/a>[\/vc_column][vc_column width=&#8221;1\/4&#8243; offset=&#8221;vc_hidden-xs&#8221;][\/vc_column][\/vc_row][vc_row][vc_column offset=&#8221;vc_hidden-lg vc_hidden-md&#8221; css=&#8221;.vc_custom_1457338484029{background-image: url(http:\/\/ww2.elsnordic.com\/vikabrod\/wp-content\/uploads\/sites\/61\/2016\/02\/slide2.png?id=11279) !important;background-position: center !important;background-repeat: no-repeat !important;background-size: cover !important;}&#8221;]<div class=\"ult-spacer spacer-69f951294760d\" data-id=\"69f951294760d\" data-height=\"\" data-height-mobile=\"200\" data-height-tab=\"200\" style=\"clear:both;display:block;\"><\/div><div class=\"ubtn-ctn-center\"><a class=\"ubtn-link ubtn-center tooltip-69f951294765e\"  href = \"http:\/\/vikabrod.elscampaign.com\" target=\"_self\"><span class=\" ubtn ubtn-small ubtn-no-hover-bg    ubtn-center  \"  data-hover=\"#ffffff\" data-border-color=\"#e5231f\" data-hover-bg=\"#e5231f\" data-border-hover=\"#e5231f\" data-shadow-hover=\"\" data-shadow-click=\"none\" data-shadow=\"\" data-shd-shadow=\"\" style=\"font-family:'Abel';font-weight:bold;border-radius:3px;border-width:3px;border-color:#e5231f;border-style:solid;background: #e5231f;color: #ffffff;\"><span class=\"ubtn-hover\"><\/span><span class=\"ubtn-data ubtn-text\" data-lang=\"en\">KAMPANJBEVIS<\/span><\/span><\/a><\/div><div class=\"ubtn-ctn-center\"><a class=\"ubtn-link ubtn-center tooltip-69f95129476c5\"  href = \"http:\/\/premieklubb.se\/Sagaform\/\" target=\"_self\"><span class=\" ubtn ubtn-small ubtn-no-hover-bg    ubtn-center  \"  data-hover=\"#ffffff\" data-border-color=\"#e5231f\" data-hover-bg=\"#e5231f\" data-border-hover=\"#e5231f\" data-shadow-hover=\"\" data-shadow-click=\"none\" data-shadow=\"\" data-shd-shadow=\"\" style=\"font-family:'Abel';font-weight:bold;border-radius:3px;border-width:3px;border-color:#e5231f;border-style:solid;background: #ffffff;color: #e5231f;\"><span class=\"ubtn-hover\"><\/span><span class=\"ubtn-data ubtn-text\" data-lang=\"en\">BEST\u00c4LL H\u00c4R<\/span><\/span><\/a><\/div><div class=\"ult-spacer spacer-69f9512947724\" data-id=\"69f9512947724\" data-height=\"\" data-height-mobile=\"40\" data-height-tab=\"50\" style=\"clear:both;display:block;\"><\/div>[\/vc_column][\/vc_row][vc_row el_class=&#8221;mobile_row_hide&#8221; css=&#8221;.vc_custom_1457089725341{margin-top: 25px !important;margin-bottom: 25px !important;border-top-width: 25px !important;border-bottom-width: 25px !important;padding-top: 25px !important;padding-bottom: 25px !important;}&#8221;][vc_column width=&#8221;1\/2&#8243; css=&#8221;.vc_custom_1456842511665{margin-top: 40px !important;border-top-width: 40px !important;padding-top: 40px !important;}&#8221;]<div id=\"ultimate-heading69f9512947767\" class=\"uvc-heading dfd-delim-bottom   cr-animate-gen heading-config-bottom dfd-disable-resposive-headings\" data-animate-type = \"transition.slideLeftBigIn\"  data-hspacer=\"line_only\"  data-halign=\"center\" style=\"text-align:center\"><div class=\"uvc-sub-heading\"><h3 class=\"widget-sub-title\">Fr\u00e5gor om kampanjen?<\/h3><\/div><h5 class=\"widget-title uvc-main-heading\" style=\"font-family:'Abel';font-size:20px;margin-top:0px;letter-spacing:2px;\">VID FR\u00c5GOR ANG\u00c5ENDE ANV\u00c4NDANDET AV ERBJUDANDET<br \/>\nVAR GOD KONTAKTA EUROPEAN LOYALTY SYSTEMS AB<\/h5><div class=\"uvc-heading-spacer line_only\" style=\"margin-top:15px;height:1px;\"><span class=\"uvc-headings-line\" style=\"border-style:solid;border-bottom-width:1px;border-color:#e5231f;width:autopx;\"><\/span><\/div><\/div><div class=\"ult-spacer spacer-69f95129477c4\" data-id=\"69f95129477c4\" data-height=\"5\" data-height-mobile=\"5\" data-height-tab=\"5\" style=\"clear:both;display:block;\"><\/div><div class=\"ubtn-ctn-center\"><a class=\"ubtn-link ubtn-center tooltip-69f9512947812\"  href = \"http:\/\/ww2.elsnordic.com\/vikabrod\/gor-sa-har\/\" target=\"_self\"><span class=\" ubtn ubtn-normal ubtn-top-bg    ubtn-center  \"  data-hover=\"#e5231f\" data-border-color=\"#e5231f\" data-hover-bg=\"#ffffff\" data-border-hover=\"#e5231f\" data-shadow-hover=\"\" data-shadow-click=\"none\" data-shadow=\"\" data-shd-shadow=\"\" style=\"font-family:'Abel';font-weight:bold;border-radius:3px;border-width:3px;border-color:#e5231f;border-style:solid;background: #e5231f;color: #ffffff;\"><span class=\"ubtn-hover\"><\/span><span class=\"ubtn-data ubtn-text\" data-lang=\"en\">G\u00d6R S\u00c5 H\u00c4R<\/span><\/span><\/a><\/div><div class=\"ult-spacer spacer-69f9512947876\" data-id=\"69f9512947876\" data-height=\"0\" data-height-mobile=\"5\" data-height-tab=\"5\" style=\"clear:both;display:block;\"><\/div>[\/vc_column][vc_column width=&#8221;1\/2&#8243;][vc_single_image image=&#8221;11528&#8243; img_size=&#8221;full&#8221; alignment=&#8221;center&#8221;][\/vc_column][\/vc_row][vc_row ult_hide_row=&#8221;ult_hide_row_value&#8221; ult_hide_row_large_screen=&#8221;large_screen&#8221; ult_hide_row_desktop=&#8221;desktop&#8221; ult_hide_row_tablet=&#8221;off&#8221; ult_hide_row_tablet_small=&#8221;off&#8221; ult_hide_row_mobile=&#8221;off&#8221; ult_hide_row_mobile_large=&#8221;off&#8221; css=&#8221;.vc_custom_1457532771447{margin-top: 25px !important;margin-bottom: 25px !important;border-top-width: 25px !important;border-bottom-width: 25px !important;padding-top: 25px !important;padding-bottom: 25px !important;}&#8221;][vc_column css=&#8221;.vc_custom_1457089841226{margin-top: 0px !important;margin-right: 0px !important;border-top-width: 0px !important;padding-top: 0px !important;}&#8221; offset=&#8221;vc_hidden-lg vc_hidden-md&#8221;][vc_column_text css=&#8221;.vc_custom_1465809253866{padding-bottom: 10px !important;}&#8221;]<\/p>\n<h3 style=\"text-align: center;\"><span style=\"color: #e5231f; font-size: 22px; letter-spacing: 0px;\">KAMPANJEN \u00c4R AVSLUTAD!<\/span><\/h3>\n<p>[\/vc_column_text][vc_single_image image=&#8221;11528&#8243; img_size=&#8221;full&#8221; alignment=&#8221;center&#8221; css=&#8221;.vc_custom_1457089849439{padding-top: 20px !important;padding-bottom: 20px !important;}&#8221;]<div id=\"ultimate-heading69f95129478d3\" class=\"uvc-heading dfd-delim-bottom   cr-animate-gen heading-config-bottom dfd-disable-resposive-headings\" data-animate-type = \"transition.slideLeftBigIn\"  data-hspacer=\"line_only\"  data-halign=\"center\" style=\"text-align:center\"><div class=\"uvc-sub-heading\"><h3 class=\"widget-sub-title\">Fr\u00e5gor om kampanjen?<\/h3><\/div><h5 class=\"widget-title uvc-main-heading\" style=\"font-family:'Abel';font-size:20px;margin-top:0px;letter-spacing:2px;\">VID FR\u00c5GOR ANG\u00c5ENDE ANV\u00c4NDANDET AV ERBJUDANDET<br \/>\nVAR GOD KONTAKTA EUROPEAN LOYALTY SYSTEMS AB<\/h5><div class=\"uvc-heading-spacer line_only\" style=\"margin-top:15px;height:1px;\"><span class=\"uvc-headings-line\" style=\"border-style:solid;border-bottom-width:1px;border-color:#e5231f;width:autopx;\"><\/span><\/div><\/div><div class=\"ult-spacer spacer-69f9512947925\" data-id=\"69f9512947925\" data-height=\"5\" data-height-mobile=\"5\" data-height-tab=\"5\" style=\"clear:both;display:block;\"><\/div><div class=\"ubtn-ctn-center\"><a class=\"ubtn-link ubtn-center tooltip-69f9512947971\"  href = \"http:\/\/ww2.elsnordic.com\/vikabrod\/gor-sa-har\/\" target=\"_self\"><span class=\" ubtn ubtn-normal ubtn-top-bg    ubtn-center  \"  data-hover=\"#e5231f\" data-border-color=\"#e5231f\" data-hover-bg=\"#ffffff\" data-border-hover=\"#e5231f\" data-shadow-hover=\"\" data-shadow-click=\"none\" data-shadow=\"\" data-shd-shadow=\"\" style=\"font-family:'Abel';font-weight:bold;border-radius:3px;border-width:3px;border-color:#e5231f;border-style:solid;background: #e5231f;color: #ffffff;\"><span class=\"ubtn-hover\"><\/span><span class=\"ubtn-data ubtn-text\" data-lang=\"en\">G\u00d6R S\u00c5 H\u00c4R<\/span><\/span><\/a><\/div>[\/vc_column][\/vc_row][vc_row force_equal_height_columns=&#8221;main_row&#8221; el_class=&#8221;mobile_row_hide&#8221;][vc_column width=&#8221;1\/2&#8243;][vc_single_image image=&#8221;11368&#8243; img_size=&#8221;full&#8221; alignment=&#8221;center&#8221;][\/vc_column][vc_column width=&#8221;1\/2&#8243; css=&#8221;.vc_custom_1429862561001{padding-right: 3% !important;padding-left: 3% !important;}&#8221;]<div id=\"ultimate-heading69f95129479de\" class=\"uvc-heading dfd-delim-bottom   cr-animate-gen heading-config-bottom dfd-disable-resposive-headings\" data-animate-type = \"transition.slideLeftBigIn\"  data-hspacer=\"line_only\"  data-halign=\"center\" style=\"text-align:center\"><div class=\"uvc-sub-heading\"><h3 class=\"widget-sub-title\">Vika Br\u00f6d<\/h3><\/div><h5 class=\"widget-title uvc-main-heading\" style=\"font-family:'Abel';\">VIKA BR\u00d6D \u00c4R DET MUSTIGA GODA<br \/>\nKN\u00c4CKEBR\u00d6DET BAKAT I DALARNA<\/h5><div class=\"uvc-heading-spacer line_only\" style=\"margin-top:15px;margin-bottom:20px;height:1px;\"><span class=\"uvc-headings-line\" style=\"border-style:solid;border-bottom-width:1px;border-color:#e5231f;width:autopx;\"><\/span><\/div><\/div>[vc_column_text item_animation=&#8221;transition.slideLeftBigIn&#8221;]<\/p>\n<h6 style=\"text-align: center;\">Med mustig smak och egen karakt\u00e4r \u00e4r varje tugga Vika Br\u00f6d en upplevelse i sig. Vika Br\u00f6d \u00e4r lite h\u00e5rdare och knaprigare \u00e4n andra kn\u00e4ckebr\u00f6d men detta \u00e4r en del av den goda upplevelsen. Som p\u00e5l\u00e4gg r\u00e4cker en klick sm\u00f6r eller ditt eget favoritp\u00e5l\u00e4gg.<\/h6>\n<h6 style=\"text-align: center;\">Tycker du om br\u00f6d med mer karakt\u00e4r, d\u00e5 \u00e4r Vika Surdeg &amp; Korn n\u00e5got f\u00f6r dig. Bakat med \u00e4kta surdeg och korn har detta br\u00f6d en mustigare smak med mer r\u00e5gkarakt\u00e4r.<\/h6>\n<p>[\/vc_column_text]<div class=\"ult-spacer spacer-69f9512947a30\" data-id=\"69f9512947a30\" data-height=\"0\" data-height-mobile=\"50\" data-height-tab=\"50\" style=\"clear:both;display:block;\"><\/div>[\/vc_column][\/vc_row][vc_row force_equal_height_columns=&#8221;main_row&#8221;][vc_column offset=&#8221;vc_hidden-lg vc_hidden-md&#8221;][vc_single_image image=&#8221;11368&#8243; img_size=&#8221;full&#8221; alignment=&#8221;center&#8221; css=&#8221;.vc_custom_1457089395547{padding-top: 20px !important;padding-bottom: 20px !important;}&#8221;]<div id=\"ultimate-heading69f9512947a86\" class=\"uvc-heading dfd-delim-bottom   cr-animate-gen heading-config-bottom dfd-disable-resposive-headings\" data-animate-type = \"transition.slideLeftBigIn\"  data-hspacer=\"line_only\"  data-halign=\"center\" style=\"text-align:center\"><div class=\"uvc-sub-heading\"><h3 class=\"widget-sub-title\">Vika Br\u00f6d<\/h3><\/div><h5 class=\"widget-title uvc-main-heading\" style=\"font-family:'Abel';\">VIKA BR\u00d6D \u00c4R DET MUSTIGA GODA<br \/>\nKN\u00c4CKEBR\u00d6DET BAKAT I DALARNA<\/h5><div class=\"uvc-heading-spacer line_only\" style=\"margin-top:15px;margin-bottom:20px;height:1px;\"><span class=\"uvc-headings-line\" style=\"border-style:solid;border-bottom-width:1px;border-color:#e5231f;width:autopx;\"><\/span><\/div><\/div>[vc_column_text item_animation=&#8221;transition.slideLeftBigIn&#8221;]<\/p>\n<h6 style=\"text-align: center;\">Med mustig smak och egen karakt\u00e4r \u00e4r varje tugga Vika Br\u00f6d en upplevelse i sig. Vika Br\u00f6d \u00e4r lite h\u00e5rdare och knaprigare \u00e4n andra kn\u00e4ckebr\u00f6d men detta \u00e4r en del av den goda upplevelsen. Som p\u00e5l\u00e4gg r\u00e4cker en klick sm\u00f6r eller ditt eget favoritp\u00e5l\u00e4gg.<\/h6>\n<h6 style=\"text-align: center;\">Tycker du om br\u00f6d med mer karakt\u00e4r, d\u00e5 \u00e4r Vika Surdeg &amp; Korn n\u00e5got f\u00f6r dig. Bakat med \u00e4kta surdeg och korn har detta br\u00f6d en mustigare smak med mer r\u00e5gkarakt\u00e4r.<\/h6>\n<p>[\/vc_column_text]<div class=\"ult-spacer spacer-69f9512947ad4\" data-id=\"69f9512947ad4\" data-height=\"0\" data-height-mobile=\"40\" data-height-tab=\"40\" style=\"clear:both;display:block;\"><\/div>[\/vc_column][\/vc_row][vc_row el_class=&#8221;mobile_row_hide&#8221; ult_hide_row=&#8221;ult_hide_row_value&#8221; ult_hide_row_large_screen=&#8221;off&#8221; ult_hide_row_desktop=&#8221;off&#8221; ult_hide_row_tablet=&#8221;off&#8221; ult_hide_row_tablet_small=&#8221;off&#8221; ult_hide_row_mobile=&#8221;mobile&#8221; ult_hide_row_mobile_large=&#8221;xl_mobile&#8221; css=&#8221;.vc_custom_1457088526578{margin-top: 15px !important;margin-bottom: 15px !important;border-top-width: 15px !important;border-bottom-width: 15px !important;padding-top: 15px !important;padding-bottom: 15px !important;}&#8221;][vc_column offset=&#8221;vc_hidden-xs&#8221;][\/vc_column][\/vc_row][vc_row force_equal_height_columns=&#8221;main_row&#8221; el_class=&#8221;mobile_row_hide&#8221;][vc_column width=&#8221;1\/2&#8243; css=&#8221;.vc_custom_1429862561001{padding-right: 3% !important;padding-left: 3% !important;}&#8221;]<div id=\"ultimate-heading69f9512947b2c\" class=\"uvc-heading dfd-delim-bottom   cr-animate-gen heading-config-bottom dfd-disable-resposive-headings\" data-animate-type = \"transition.slideLeftBigIn\"  data-hspacer=\"line_only\"  data-halign=\"center\" style=\"text-align:center\"><div class=\"uvc-sub-heading\"><h3 class=\"widget-sub-title\">Sagaform<\/h3><\/div><h5 class=\"widget-title uvc-main-heading\" style=\"font-family:'Abel';font-size:20px;letter-spacing:2px;\">VARMT V\u00c4LKOMMEN TILL<br \/>\nSAGAFORMS LUSTFYLLDA V\u00c4RLD<\/p>\n<p><\/h5><div class=\"uvc-heading-spacer line_only\" style=\"margin-top:15px;margin-bottom:20px;height:1px;\"><span class=\"uvc-headings-line\" style=\"border-style:solid;border-bottom-width:1px;border-color:#e5231f;width:autopx;\"><\/span><\/div><\/div>[vc_column_text item_animation=&#8221;transition.slideLeftBigIn&#8221;]<\/p>\n<h6 style=\"text-align: center;\">Designade produkter som uppskattas av mottagaren och som ofta sk\u00e4nker ett leende. Glas, keramik, vaser, burkar, sk\u00e5lar, knivar och mycket annat finns att v\u00e4lja emellan. Med andra ord finns h\u00e4r g\u00e5vor f\u00f6r alla tillf\u00e4llen. Presenten till middagens v\u00e4rdpar, till den nyinflyttade grannen, f\u00f6delsedagsbarnet eller bara som en trevlig gest till den man tycker om.<\/h6>\n<h6 style=\"text-align: center;\">Sagaform samarbetar med Sveriges fr\u00e4msta formgivare som alla \u00e4r v\u00e4l medvetna om r\u00e5dande trender och extremt professionella f\u00f6r att kunna tillgodose v\u00e5ra kunder med f\u00f6rstklassig skandinavisk design.<\/h6>\n<p>[\/vc_column_text][\/vc_column][vc_column width=&#8221;1\/2&#8243;][vc_single_image image=&#8221;11377&#8243; img_size=&#8221;full&#8221; alignment=&#8221;center&#8221; css=&#8221;.vc_custom_1457088939387{background-position: center !important;background-repeat: no-repeat !important;background-size: contain !important;}&#8221;][\/vc_column][\/vc_row][vc_row force_equal_height_columns=&#8221;main_row&#8221;][vc_column css=&#8221;.vc_custom_1457089598308{padding-right: 3% !important;padding-left: 3% !important;}&#8221; offset=&#8221;vc_hidden-lg vc_hidden-md&#8221;][vc_single_image image=&#8221;11377&#8243; img_size=&#8221;full&#8221; alignment=&#8221;center&#8221; css=&#8221;.vc_custom_1457089613557{padding-top: 20px !important;padding-bottom: 20px !important;background-position: center !important;background-repeat: no-repeat !important;background-size: contain !important;}&#8221;]<div id=\"ultimate-heading69f9512947b99\" class=\"uvc-heading dfd-delim-bottom   cr-animate-gen heading-config-bottom dfd-disable-resposive-headings\" data-animate-type = \"transition.slideLeftBigIn\"  data-hspacer=\"line_only\"  data-halign=\"center\" style=\"text-align:center\"><div class=\"uvc-sub-heading\"><h3 class=\"widget-sub-title\">Sagaform<\/h3><\/div><h5 class=\"widget-title uvc-main-heading\" style=\"font-family:'Abel';font-size:20px;letter-spacing:2px;\">VARMT V\u00c4LKOMMEN TILL<br \/>\nSAGAFORMS LUSTFYLLDA V\u00c4RLD<\/p>\n<p><\/h5><div class=\"uvc-heading-spacer line_only\" style=\"margin-top:15px;margin-bottom:20px;height:1px;\"><span class=\"uvc-headings-line\" style=\"border-style:solid;border-bottom-width:1px;border-color:#e5231f;width:autopx;\"><\/span><\/div><\/div>[vc_column_text item_animation=&#8221;transition.slideLeftBigIn&#8221;]<\/p>\n<h6 style=\"text-align: center;\">Designade produkter som uppskattas av mottagaren och som ofta sk\u00e4nker ett leende. Glas, keramik, vaser, burkar, sk\u00e5lar, knivar och mycket annat finns att v\u00e4lja emellan. Med andra ord finns h\u00e4r g\u00e5vor f\u00f6r alla tillf\u00e4llen. Presenten till middagens v\u00e4rdpar, till den nyinflyttade grannen, f\u00f6delsedagsbarnet eller bara som en trevlig gest till den man tycker om.<\/h6>\n<h6 style=\"text-align: center;\">Sagaform samarbetar med Sveriges fr\u00e4msta formgivare som alla \u00e4r v\u00e4l medvetna om r\u00e5dande trender och extremt professionella f\u00f6r att kunna tillgodose v\u00e5ra kunder med f\u00f6rstklassig skandinavisk design.<\/h6>\n<p>[\/vc_column_text]<div class=\"ult-spacer spacer-69f9512947be5\" data-id=\"69f9512947be5\" data-height=\"0\" data-height-mobile=\"40\" data-height-tab=\"40\" style=\"clear:both;display:block;\"><\/div>[\/vc_column][\/vc_row][vc_row el_class=&#8221;mobile_row_hide&#8221; ult_hide_row=&#8221;ult_hide_row_value&#8221; ult_hide_row_large_screen=&#8221;off&#8221; ult_hide_row_desktop=&#8221;off&#8221; ult_hide_row_tablet=&#8221;off&#8221; ult_hide_row_tablet_small=&#8221;off&#8221; ult_hide_row_mobile=&#8221;mobile&#8221; ult_hide_row_mobile_large=&#8221;xl_mobile&#8221;][vc_column offset=&#8221;vc_hidden-xs&#8221;]<div class=\"ult-spacer spacer-69f9512947c26\" data-id=\"69f9512947c26\" data-height=\"100\" data-height-mobile=\"100\" data-height-tab=\"100\" style=\"clear:both;display:block;\"><\/div>[\/vc_column][\/vc_row]<\/p>\n","protected":false},"excerpt":{"rendered":"<p>[vc_row el_class=&#8221;mobile_row_hide&#8221; ult_hide_row=&#8221;ult_hide_row_value&#8221; ult_hide_row_large_screen=&#8221;off&#8221; ult_hide_row_desktop=&#8221;off&#8221; ult_hide_row_tablet=&#8221;off&#8221; ult_hide_row_tablet_small=&#8221;xs_tablet&#8221; ult_hide_row_mobile=&#8221;mobile&#8221; ult_hide_row_mobile_large=&#8221;xl_mobile&#8221; css=&#8221;.vc_custom_1455525270318{margin-top: 26px !important;border-top-width: 26px !important;padding-top: 26px !important;}&#8221;][vc_column css=&#8221;.vc_custom_1455285755131{background-color: #ffffff !important;}&#8221; offset=&#8221;vc_hidden-xs&#8221;][\/vc_column][\/vc_row][vc_row full_height=&#8221;yes&#8221; el_class=&#8221;mobile_row_hide&#8221; bg_type=&#8221;image&#8221; bg_image_new=&#8221;11279&#8243; bg_image_repeat=&#8221;no-repeat&#8221; bg_image_size=&#8221;contain&#8221; ult_hide_row=&#8221;ult_hide_row_value&#8221; ult_hide_row_large_screen=&#8221;off&#8221; ult_hide_row_desktop=&#8221;off&#8221; ult_hide_row_tablet=&#8221;off&#8221;<\/p>\n","protected":false},"author":10,"featured_media":0,"parent":0,"menu_order":0,"comment_status":"open","ping_status":"open","template":"page-custom.php","meta":[],"_links":{"self":[{"href":"http:\/\/ww2.elsnordic.com\/vikabrod\/wp-json\/wp\/v2\/pages\/11262"}],"collection":[{"href":"http:\/\/ww2.elsnordic.com\/vikabrod\/wp-json\/wp\/v2\/pages"}],"about":[{"href":"http:\/\/ww2.elsnordic.com\/vikabrod\/wp-json\/wp\/v2\/types\/page"}],"author":[{"embeddable":true,"href":"http:\/\/ww2.elsnordic.com\/vikabrod\/wp-json\/wp\/v2\/users\/10"}],"replies":[{"embeddable":true,"href":"http:\/\/ww2.elsnordic.com\/vikabrod\/wp-json\/wp\/v2\/comments?post=11262"}],"version-history":[{"count":310,"href":"http:\/\/ww2.elsnordic.com\/vikabrod\/wp-json\/wp\/v2\/pages\/11262\/revisions"}],"predecessor-version":[{"id":11632,"href":"http:\/\/ww2.elsnordic.com\/vikabrod\/wp-json\/wp\/v2\/pages\/11262\/revisions\/11632"}],"wp:attachment":[{"href":"http:\/\/ww2.elsnordic.com\/vikabrod\/wp-json\/wp\/v2\/media?parent=11262"}],"curies":[{"name":"wp","href":"https:\/\/api.w.org\/{rel}","templated":true}]}}