{"id":9,"date":"2014-01-28T12:31:18","date_gmt":"2014-01-28T12:31:18","guid":{"rendered":"http:\/\/ww2.elsnordic.com\/godmorgon\/?page_id=9"},"modified":"2014-12-16T13:18:53","modified_gmt":"2014-12-16T13:18:53","slug":"villkor","status":"publish","type":"page","link":"https:\/\/ww2.elsnordic.com\/godmorgon\/?page_id=9","title":{"rendered":"Villkor"},"content":{"rendered":"<div class=\"row\"> <div class=\"col-md-6\">\n<ul>\n<li>Erbjudandet g\u00e4ller \u201d2 f\u00f6r 1\u201d p\u00e5 en avkopplande\u00a0hotellweekend. Paketet inneh\u00e5ller normalt en \u00f6vernattning med frukost och en aktivitet. V\u00e4rdebeviset ska \u00f6verl\u00e4mnas till utvalt hotell vid incheckning.<\/li>\n<li>De hotell som deltar i denna kampanj finns listade <a title=\"Hotell som deltar i kampanjen\" href=\"http:\/\/ww2.elsnordic.com\/godmorgon\/?page_id=66\">h\u00e4r<\/a>. Observera att deltagande hotell kan \u00e4ndras under kampanjens g\u00e5ng och uppdateras om det t.ex. tillkommer nyheter.<\/li>\n<li>L\u00e4s aktuellt erbjudande noggrant innan bokning och anv\u00e4ndande. Erbjudandet g\u00e4ller endast p\u00e5 det paket som anges och kan ej kombineras med andra rabattformer och specialpriser. Alla eventuellt tillkommande kostnader ut\u00f6ver vad som ing\u00e5r i erbjudandet, betalas av g\u00e4sten. Dryck ing\u00e5r normalt ej vid middagserbjudanden.<\/li>\n<li>Vid bokningsf\u00f6rfr\u00e5gan ska ni alltid f\u00f6rst ange att ni har ett v\u00e4rdebevis fr\u00e5n Nestl\u00e9 f\u00f6r att erh\u00e5lla erbjudandet. Bokning ska ske direkt med utvalt hotell och ej genom resebyr\u00e5er eller \u00f6ver Internet. Erbjudandet g\u00e4ller endast nybokningar och ej redan gjorda bokningar eller retroaktivt.<\/li>\n<li>Giltighetstiden p\u00e5 erbjudandena \u00e4r normalt till <strong>30 juni\u00a02015<\/strong>. Observera att bokning ska ske senast <strong>15 juni 2015<\/strong>.<\/li>\n<li>Erbjudandet g\u00e4ller vid ett tillf\u00e4lle p\u00e5 utvald anl\u00e4ggning och ej n\u00e4r hotellet \u00e4r fullbokat. Uppm\u00e4rksamma att det under vissa perioder kan vara en mycket h\u00f6g bel\u00e4ggning och vara fullbelagt,\u00a0var d\u00e4rf\u00f6r ute i god tid med er bokning. T\u00e4nk ocks\u00e5 p\u00e5 att boka ev. behandlingar, aktiviteter etc i god tid. Det kan \u00e4ven finnas enstaka perioder d\u00e5 erbjudandet ej g\u00e4ller. Detta anges d\u00e5 vid aktuell anl\u00e4ggning.<\/li>\n<li>Om utvalt hotell \u00e4r fullbokat p\u00e5 de datum som passar er, f\u00e5r ni ist\u00e4llet f\u00f6rs\u00f6ka boka in en annan anl\u00e4ggning, osv. Inga garantier kan ges f\u00f6r att medverkande hotell ska ha plats f\u00f6r er just den tid som ni vill anv\u00e4nda v\u00e4rdebeviset. Desto st\u00f6rre flexibilitet ni har, desto st\u00f6rre chans att anv\u00e4nda erbjudandet p\u00e5 valt st\u00e4lle och tidpunkt.<\/li>\n<\/ul>\n<\/div><div class=\"col-md-6\">\n<ul>\n<li>Kontrollera alltid vilka eventuella avbokningsregler som g\u00e4ller f\u00f6r aktuellt hotell. Om dessa ej f\u00f6ljs, kan ni \u00e4nd\u00e5 bli\u00a0betalningsansvarig vid avbokning.<\/li>\n<li>Alla angivna v\u00e4rden\/priser p\u00e5 hemsidan \u00e4r med reservation f\u00f6r \u00e4ndringar liksom villkoren. Angivet v\u00e4rde vid varje\u00a0hotell \u00e4r detsamma som den rabatt ni kan erh\u00e5lla, dvs v\u00e4rdet p\u00e5 erbjudandet. Om priserna \u00e4ndras, kan \u00e4ven v\u00e4rdet (rabatten) f\u00f6r\u00e4ndras och bli h\u00f6gre eller l\u00e4gre.<\/li>\n<li>V\u00e4rdebeviset \u00e4r personligt och kan aldrig l\u00f6sas in eller bytas mot n\u00e5gon form av pengar. Den f\u00e5r ej heller ges bort eller s\u00e4ljas vidare. Kopierad, manipulerad eller defekt v\u00e4rdebevis accepteras ej. Skadad, stulen eller f\u00f6rlorat v\u00e4rdebevis ers\u00e4tts ej. Erbjudandet g\u00e4ller en g\u00e5ng per hush\u00e5ll.<\/li>\n<li>Vid tveksamheter ang\u00e5ende vad som omfattas av erbjudandet, villkor och dylikt, \u00e5ligger det alltid innehavaren av v\u00e4rdebeviset att kontrollera vad som g\u00e4ller innan anv\u00e4ndande\/bokning. Om villkoren och reglerna som anges h\u00e4r ej f\u00f6ljs, har deltagande hotell ej n\u00e5gon skyldighet att ge angiven rabatt. Detsamma g\u00e4ller om ni ej identifierar er som innehavare av v\u00e4rdebeviset fr\u00e5n Nestl\u00e9 vid bokningstillf\u00e4llet. Skriftliga bokningsbekr\u00e4ftelser rekommenderas f\u00f6r att undvika missf\u00f6rst\u00e5nd.<\/li>\n<li>European Loyalty Systems AB och Nestl\u00e9\u00a0reserverar sig f\u00f6r om verksamheter upph\u00f6r, byter \u00e4gare eller helt \u00e4ndrar karakt\u00e4r och \u00e4r ej ansvariga f\u00f6r vad som sker under vistelsen, om n\u00e5got f\u00f6retag bryter sitt avtal, nekar att ge erbjudandet, om informationen \u00e4r felaktig och \u00e4r ej ansvariga f\u00f6r f\u00f6rsvunna eller felskickade mail. European Loyalty Systems AB och Nestl\u00e9\u00a0ansvarar inte f\u00f6r tryckfel\u00a0eller skada p.g.a. force majeure s\u00e5som brand, olycksfall, strejk eller dylikt.<\/li>\n<li>Fr\u00e5gor som ber\u00f6r respektive anl\u00e4ggning och vistelsen d\u00e4r, st\u00e4lls till ber\u00f6rt hotell. Alla \u00f6vriga fr\u00e5gor och synpunkter r\u00f6rande anv\u00e4ndandet av v\u00e4rdebeviset och de deltagande akt\u00f6rerna st\u00e4lls till European Loyalty Systems AB, tel kundservice 031-742 55 66 eller e-post info@elssverige.se<\/li>\n<\/ul>\n<\/div><\/div>\n<p>&nbsp;<\/p>\n<p>&nbsp;<\/p>\n<p>&nbsp;<\/p>\n<p>&nbsp;<\/p>\n","protected":false},"excerpt":{"rendered":"<p>&nbsp; &nbsp; &nbsp; &nbsp;<\/p>\n","protected":false},"author":3,"featured_media":0,"parent":0,"menu_order":0,"comment_status":"closed","ping_status":"closed","template":"page-feature.php","meta":[],"_links":{"self":[{"href":"https:\/\/ww2.elsnordic.com\/godmorgon\/index.php?rest_route=\/wp\/v2\/pages\/9"}],"collection":[{"href":"https:\/\/ww2.elsnordic.com\/godmorgon\/index.php?rest_route=\/wp\/v2\/pages"}],"about":[{"href":"https:\/\/ww2.elsnordic.com\/godmorgon\/index.php?rest_route=\/wp\/v2\/types\/page"}],"author":[{"embeddable":true,"href":"https:\/\/ww2.elsnordic.com\/godmorgon\/index.php?rest_route=\/wp\/v2\/users\/3"}],"replies":[{"embeddable":true,"href":"https:\/\/ww2.elsnordic.com\/godmorgon\/index.php?rest_route=%2Fwp%2Fv2%2Fcomments&post=9"}],"version-history":[{"count":15,"href":"https:\/\/ww2.elsnordic.com\/godmorgon\/index.php?rest_route=\/wp\/v2\/pages\/9\/revisions"}],"predecessor-version":[{"id":841,"href":"https:\/\/ww2.elsnordic.com\/godmorgon\/index.php?rest_route=\/wp\/v2\/pages\/9\/revisions\/841"}],"wp:attachment":[{"href":"https:\/\/ww2.elsnordic.com\/godmorgon\/index.php?rest_route=%2Fwp%2Fv2%2Fmedia&parent=9"}],"curies":[{"name":"wp","href":"https:\/\/api.w.org\/{rel}","templated":true}]}}